{"id":7404,"date":"2019-09-25T16:56:34","date_gmt":"2019-09-25T16:56:34","guid":{"rendered":"http:\/\/easda.es\/wp\/?page_id=7404"},"modified":"2024-09-20T13:29:27","modified_gmt":"2024-09-20T11:29:27","slug":"reconocimiento-y-transferencia-de-creditos-solo-esd","status":"publish","type":"page","link":"https:\/\/easda.es\/?page_id=7404","title":{"rendered":"Reconocimiento y transferencia de cr\u00e9ditos (solo Grados en Dise\u00f1o)"},"content":{"rendered":"<p>[vc_row][vc_column]<div class=\"qodef-section-title-holder  qodef-st-standard qodef-st-title-left qodef-st-normal-space \" >\n\t<div class=\"qodef-st-inner\">\n\t\t\t\t\t<h2 class=\"qodef-st-title\" >\n\t\t\t\tReconocimiento y transferencia de cr\u00e9ditos (solo Grados en Dise\u00f1o)\t\t\t<\/h2>\n\t\t\t\t\t<\/div>\n<\/div>[vc_empty_space height=\u00bb24px\u00bb][vc_column_text]<\/p>\n<p><strong>Forma y plazo<\/strong><\/p>\n<ul>\n<li><span style=\"color: #63656a;\">A trav\u00e9s del siguiente <a href=\"https:\/\/easda.es\/wp-content\/uploads\/2020\/09\/Annex_II_SOLICITUD-RyT.pdf\" target=\"_blank\" rel=\"noopener noreferrer\">formulario<\/a> o rellenando y registrando el formulario personalmente en Administraci\u00f3n. La solicitud se dirigir\u00e1 al Director\/a de la EASDA.<\/span><\/li>\n<li>El plazo de presentaci\u00f3n de solicitudes se establece por el ISEACV hasta el 20 de septiembre de 2024.<\/li>\n<li>No es necesario realizar matr\u00edcula ni abonar las tasas de los cr\u00e9ditos de los cuales se solicita reconocimiento.<\/li>\n<\/ul>\n<p><strong>Documentos que se deben presentar<\/strong><\/p>\n<ul>\n<li>Certificaci\u00f3n de estar matriculado en los estudios de Artes Pl\u00e1sticas y Dise\u00f1o.<\/li>\n<li>Certificaci\u00f3n acad\u00e9mica oficial (original) de los estudios en que fundamenta su solicitud de convalidaci\u00f3n, en la que consten las materias cursadas, la convocatoria en que han sido superadas y la calificaci\u00f3n obtenida.<\/li>\n<li>Plan de estudios sellado por el centro de origen.<\/li>\n<\/ul>\n<p><strong>\u00d3rgano que resuelve las solicitudes<\/strong><\/p>\n<p>Las solicitudes se resuelven por el Instituto Superior de Ense\u00f1anzas Art\u00edsticas de la Comunidad Valenciana (ISEACV)<\/p>\n<p><strong>Precedentes<\/strong><\/p>\n<p>A t\u00edtulo informativo, en los siguientes enlaces pod\u00e9is encontrar precedentes positivos y negativos.<\/p>\n<p><a href=\"http:\/\/easda.es\/wp\/wp-content\/uploads\/2019\/09\/PRECEDENTES-POSITIVOS-ESD.pdf\" target=\"_blank\" rel=\"noopener noreferrer\" data-saferedirecturl=\"https:\/\/www.google.com\/url?q=http:\/\/easda.es\/wp\/wp-content\/uploads\/2019\/09\/PRECEDENTES-POSITIVOS-ESD.pdf&amp;source=gmail&amp;ust=1600428449109000&amp;usg=AFQjCNHlPzdsZ8WbY49BvF012XCXrYRMBg\">Precedentes positivos ESD<\/a>\u00a0\/\u00a0<a href=\"http:\/\/easda.es\/wp\/wp-content\/uploads\/2019\/09\/PRECEDENTES-NEGATIVOS-ESD.pdf\" target=\"_blank\" rel=\"noopener noreferrer\" data-saferedirecturl=\"https:\/\/www.google.com\/url?q=http:\/\/easda.es\/wp\/wp-content\/uploads\/2019\/09\/PRECEDENTES-NEGATIVOS-ESD.pdf&amp;source=gmail&amp;ust=1600428449109000&amp;usg=AFQjCNHusQGpBTgLiEjNJWL4SzekvEW2lw\">Precedentes negativos ESD<\/a><br \/>[vc_empty_space height=\u00bb24px\u00bb]<\/p>\n<p>[\/vc_column_text][\/vc_column][\/vc_row]<\/p>\n<p>[vc_row][vc_column]<div class=\"qodef-section-title-holder  qodef-st-standard qodef-st-title-left qodef-st-normal-space \" >\n\t<div class=\"qodef-st-inner\">\n\t\t\t\t\t<h2 class=\"qodef-st-title\" >\n\t\t\t\tConvalidaci\u00f3n de Pr\u00e1cticas Externas\t\t\t<\/h2>\n\t\t\t\t\t<\/div>\n<\/div>[vc_empty_space height=\u00bb24px\u00bb][vc_column_text]<\/p>\n\n\n<p>Para el reconocimiento y transferencia de cr\u00e9ditos de las pr\u00e1cticas externas, se deber\u00e1 presentar la siguiente documentaci\u00f3n:<\/p>\n\n\n\n<ul class=\"wp-block-list\">\n<li>Vida laboral actualizada.<\/li>\n\n\n\n<li>Fotocopia cotejada o compulsada de los contratos laborales.<\/li>\n\n\n\n<li>Carta de la empresa donde conste las labores de dise\u00f1o desempe\u00f1adas.<\/li>\n<\/ul>\n","protected":false},"excerpt":{"rendered":"<p>[vc_row][vc_column][vc_empty_space height=\u00bb24px\u00bb][vc_column_text] Forma y plazo A trav\u00e9s del siguiente formulario o rellenando y registrando el formulario personalmente en Administraci\u00f3n. La solicitud se dirigir\u00e1 al Director\/a de la EASDA. El plazo de presentaci\u00f3n de solicitudes se establece por el ISEACV hasta [&hellip;]<\/p>\n","protected":false},"author":7,"featured_media":0,"parent":0,"menu_order":0,"comment_status":"closed","ping_status":"closed","template":"","meta":{"footnotes":""},"class_list":["post-7404","page","type-page","status-publish","hentry"],"_links":{"self":[{"href":"https:\/\/easda.es\/index.php?rest_route=\/wp\/v2\/pages\/7404","targetHints":{"allow":["GET"]}}],"collection":[{"href":"https:\/\/easda.es\/index.php?rest_route=\/wp\/v2\/pages"}],"about":[{"href":"https:\/\/easda.es\/index.php?rest_route=\/wp\/v2\/types\/page"}],"author":[{"embeddable":true,"href":"https:\/\/easda.es\/index.php?rest_route=\/wp\/v2\/users\/7"}],"replies":[{"embeddable":true,"href":"https:\/\/easda.es\/index.php?rest_route=%2Fwp%2Fv2%2Fcomments&post=7404"}],"version-history":[{"count":20,"href":"https:\/\/easda.es\/index.php?rest_route=\/wp\/v2\/pages\/7404\/revisions"}],"predecessor-version":[{"id":17102,"href":"https:\/\/easda.es\/index.php?rest_route=\/wp\/v2\/pages\/7404\/revisions\/17102"}],"wp:attachment":[{"href":"https:\/\/easda.es\/index.php?rest_route=%2Fwp%2Fv2%2Fmedia&parent=7404"}],"curies":[{"name":"wp","href":"https:\/\/api.w.org\/{rel}","templated":true}]}}