{"id":6433,"date":"2019-03-23T21:14:01","date_gmt":"2019-03-23T21:14:01","guid":{"rendered":"http:\/\/easda.es\/wp\/?page_id=6433"},"modified":"2025-04-28T11:22:28","modified_gmt":"2025-04-28T09:22:28","slug":"manual-pruebas-de-acceso-a-ciclos-formativos","status":"publish","type":"page","link":"https:\/\/easda.es\/?page_id=6433","title":{"rendered":"Preguntas frecuentes"},"content":{"rendered":"<p>[vc_row][vc_column][vc_row_inner][vc_column_inner]<div class=\"qodef-section-title-holder  qodef-st-standard qodef-st-title-left qodef-st-normal-space \" >\n\t<div class=\"qodef-st-inner\">\n\t\t\t\t\t<h2 class=\"qodef-st-title\" >\n\t\t\t\t\u00bfD\u00f3nde puedo encontrar modelos de examen?\t\t\t<\/h2>\n\t\t\t\t\t<\/div>\n<\/div>[vc_empty_space][vc_column_text]Puedes encontrar los modelos de ex\u00e1menes en la p\u00e1gina de <a href=\"http:\/\/easda.es\/?page_id=4246\" target=\"_blank\" rel=\"noopener noreferrer\">Acceso a Grado Medio<\/a> y <a href=\"http:\/\/easda.es\/?page_id=4464\" target=\"_blank\" rel=\"noopener noreferrer\">Acceso a Grado Superior<\/a>.[\/vc_column_text][\/vc_column_inner][\/vc_row_inner][vc_empty_space]<div class=\"qodef-section-title-holder  qodef-st-standard qodef-st-title-left qodef-st-normal-space \" >\n\t<div class=\"qodef-st-inner\">\n\t\t\t\t\t<h2 class=\"qodef-st-title\" >\n\t\t\t\t\u00bfEn qu\u00e9 consiste la prueba general de acceso a los ciclos formativos de Artes Pl\u00e1sticas y Dise\u00f1o?\t\t\t<\/h2>\n\t\t\t\t\t<\/div>\n<\/div>[vc_empty_space][vc_column_text]<strong>La prueba general de acceso a los ciclos formativos de Grado Medio tendr\u00e1 la siguiente estructura:<\/strong><\/p>\n<p>a) Primer ejercicio. Contenido ling\u00fc\u00edstico: desarrollo por escrito de un comentario de texto y de cuestiones relativas a Lengua y Literatura (Castellana o Valenciana) correspondientes al curr\u00edculo de la ESO.<br \/>\nb) Segundo ejercicio. Contenidos t\u00e9cnico-cient\u00edficos y socioculturales: desarrollo por escrito de cuestiones relativas a las materias de Ciencias Sociales, Geograf\u00eda e Historia, Ciencias de la Naturaleza, Tecnolog\u00eda y Matem\u00e1ticas, correspondientes al curr\u00edculo de la ESO.<\/p>\n<p><strong>La prueba general de acceso a los ciclos formativos de Grado Superior tendr\u00e1 la siguiente estructura:<\/strong><\/p>\n<p>a) Primer ejercicio (2 horas). Contenido ling\u00fc\u00edstico: desarrollo por escrito de un comentario de texto y de cuestiones relativas a Lengua y Literatura (Castellana o Valenciana) y Lengua Extranjera, correspondientes al curr\u00edculo de Bachillerato. Dos opciones para cada materia.<br \/>\nb) Segundo ejercicio (2 horas). Contenido no ling\u00fc\u00edstico: desarrollo por escrito de cuestiones relativas a las materias de Historia de Espa\u00f1a e Historia de la Filosof\u00eda, correspondientes al curr\u00edculo de Bachillerato. Dos opciones para cada materia.[\/vc_column_text][vc_empty_space]<div class=\"qodef-section-title-holder  qodef-st-standard qodef-st-title-left qodef-st-normal-space \" >\n\t<div class=\"qodef-st-inner\">\n\t\t\t\t\t<h2 class=\"qodef-st-title\" >\n\t\t\t\t\u00bfEn qu\u00e9 consiste la prueba espec\u00edfica de acceso a los ciclos formativos de Artes Pl\u00e1sticas y Dise\u00f1o?\t\t\t<\/h2>\n\t\t\t\t\t<\/div>\n<\/div>[vc_empty_space][vc_column_text]<strong>La prueba espec\u00edfica de acceso a los ciclos formativos de Grado Medio, tendr\u00e1 la siguiente estructura:<\/strong><\/p>\n<p>a) Primer ejercicio (1 hora): desarrollo por escrito de cuestiones relativas al campo de las Artes Pl\u00e1sticas, a partir de un texto escrito y\/o de documentaci\u00f3n gr\u00e1fica o audiovisual, en un tiempo m\u00e1ximo de una hora.<br \/>\nb) Segundo ejercicio (3 horas): realizaci\u00f3n de diversos bocetos sobre un tema propuesto, y ejecuci\u00f3n posterior de uno de los bocetos a color.<br \/>\nc) Tercer ejercicio (4 horas): ejecuci\u00f3n a partir de unos de los bocetos realizados en el ejercicio anterior de una pr\u00e1ctica adaptada a la realidad material y curricular del ciclo formativo indicado en la prueba.<\/p>\n<p><strong>La prueba espec\u00edfica de acceso a los ciclos formativos de Grado Superior, tendr\u00e1 la siguiente estructura:<\/strong><\/p>\n<p>a) Primer ejercicio (1 hora): desarrollo por escrito de cuestiones sobre Historia del Arte a partir de un texto escrito y\/o de documentaci\u00f3n gr\u00e1fica o audiovisual, en un tiempo m\u00e1ximo de una hora.<br \/>\nb) Segundo ejercicio (3 horas): realizaci\u00f3n de diversos bocetos sobre un tema propuesto, y ejecuci\u00f3n posterior de uno de los bocetos a color.<br \/>\nc) Tercer ejercicio (4 horas): ejecuci\u00f3n a partir de unos de los bocetos realizados en el ejercicio anterior de una pr\u00e1ctica adaptada a la realidad material y curricular del ciclo formativo indicado en la prueba.[\/vc_column_text][vc_empty_space]<div class=\"qodef-section-title-holder  qodef-st-standard qodef-st-title-left qodef-st-normal-space \" >\n\t<div class=\"qodef-st-inner\">\n\t\t\t\t\t<h2 class=\"qodef-st-title\" >\n\t\t\t\t\u00bfSe puede pasar directamente de un ciclo de grado medio a un ciclo de grado superior?\t\t\t<\/h2>\n\t\t\t\t\t<\/div>\n<\/div>[vc_empty_space][vc_column_text]<\/p>\n<p class=\"p1\">S\u00ed (desde el a\u00f1o 2021 se puede pasar directamente de un ciclo de grado medio de Artes Pl\u00e1sticas y Dise\u00f1o a un ciclo de grado superior relacionado con la misma familia profesional). No obstante, debes saber que las plazas para acceder de manera directa son limitadas por lo que depende de la nota media de tu expediente.<\/p>\n<p class=\"p1\">Si la nota media de tu expediente es inferior a la nota requerida para acceder al grado superior de manera directa, puedes inscribirte para superar la parte general y la parte espec\u00edfica de la prueba de acceso. En este caso debes saber que en la parte general de la prueba deber\u00e1s acreditar que posees la madurez suficiente en relaci\u00f3n con los objetivos del Bachillerato, que no son coincidentes con los de los ciclos de grado medio. No obstante, en este caso se rebaja el requisito de edad a los 18 a\u00f1os, siempre que se trate de continuar estudios de la misma familia profesional, que en general es de 19 a\u00f1os.<\/p>\n<p>[\/vc_column_text][vc_empty_space]<div class=\"qodef-section-title-holder  qodef-st-standard qodef-st-title-left qodef-st-normal-space \" >\n\t<div class=\"qodef-st-inner\">\n\t\t\t\t\t<h2 class=\"qodef-st-title\" >\n\t\t\t\tSi supero la prueba de acceso, \u00bfpuedo acceder a cualquier Ciclo Formativo?\t\t\t<\/h2>\n\t\t\t\t\t<\/div>\n<\/div>[vc_empty_space][vc_column_text]<\/p>\n<p class=\"p1\">La prueba de acceso a los Ciclos Formativos de Artes Pl\u00e1sticas y Dise\u00f1o es espec\u00edfica para cada familia profesional. Por ello, la superaci\u00f3n de la prueba solamente te faculta para acceder al Ciclo Formativo correspondiente a la familia profesional en la que has superado dicha prueba.<\/p>\n<p>[\/vc_column_text][vc_empty_space]<div class=\"qodef-section-title-holder  qodef-st-standard qodef-st-title-left qodef-st-normal-space \" >\n\t<div class=\"qodef-st-inner\">\n\t\t\t\t\t<h2 class=\"qodef-st-title\" >\n\t\t\t\t\u00bfVale igual un t\u00edtulo de Graduado en Artes Aplicadas que el de un ciclo formativo?\t\t\t<\/h2>\n\t\t\t\t\t<\/div>\n<\/div>[vc_empty_space][vc_column_text]<\/p>\n<p class=\"p1\">El t\u00edtulo de Graduado en Artes Aplicadas es equivalente a todos los efectos al t\u00edtulo de T\u00e9cnico Superior (ciclo formativo de grado superior).<\/p>\n<p>[\/vc_column_text][vc_empty_space]<div class=\"qodef-section-title-holder  qodef-st-standard qodef-st-title-left qodef-st-normal-space \" >\n\t<div class=\"qodef-st-inner\">\n\t\t\t\t\t<h2 class=\"qodef-st-title\" >\n\t\t\t\t\u00bfExisten becas para estudiar ciclos formativos?\t\t\t<\/h2>\n\t\t\t\t\t<\/div>\n<\/div>[vc_empty_space][vc_column_text]<\/p>\n<p class=\"p1\">Una vez superada la prueba de acceso y resuelta tu matr\u00edcula, puedes acogerte al sistema general de becas en los plazos oportunos.<\/p>\n<p>Puedes encontrar toda la informaci\u00f3n en la p\u00e1gina del\u00a0<a href=\"https:\/\/www.becaseducacion.gob.es\/becas-y-ayudas\/fp-bachillerato-otros\/tipos-de-becas.html\" target=\"_blank\" rel=\"noopener noreferrer\">Ministerio de educaci\u00f3n, cultura y deporte<\/a>.<\/p>\n<p>[\/vc_column_text][vc_empty_space]<div class=\"qodef-section-title-holder  qodef-st-standard qodef-st-title-left qodef-st-normal-space \" >\n\t<div class=\"qodef-st-inner\">\n\t\t\t\t\t<h2 class=\"qodef-st-title\" >\n\t\t\t\tHe superado la prueba de acceso a los ciclos formativos de Artes Pl\u00e1sticas y Dise\u00f1o. \u00bfObtendr\u00e9 alguna titulaci\u00f3n?\t\t\t<\/h2>\n\t\t\t\t\t<\/div>\n<\/div>[vc_empty_space][vc_column_text]<\/p>\n<p class=\"p1\"><span class=\"s1\">La superaci\u00f3n de la prueba de acceso a ciclos formativos de artes pl\u00e1sticas y dise\u00f1o s\u00f3lo faculta para acceder a estas ense\u00f1anzas y no equivale a la posesi\u00f3n de ninguna titulaci\u00f3n acad\u00e9mica, ni a la superaci\u00f3n de ninguna \u00e1rea de educaci\u00f3n secundaria obligatoria, ni de ninguna materia de bachillerato.<\/span><\/p>\n<p>[\/vc_column_text][vc_empty_space]<div class=\"qodef-section-title-holder  qodef-st-standard qodef-st-title-left qodef-st-normal-space \" >\n\t<div class=\"qodef-st-inner\">\n\t\t\t\t\t<h2 class=\"qodef-st-title\" >\n\t\t\t\t\u00bfCu\u00e1nto cuesta estudiar en la EASDA?\t\t\t<\/h2>\n\t\t\t\t\t<\/div>\n<\/div>[vc_empty_space][vc_column_text]Consulta el <a href=\"https:\/\/easda.es\/wp-content\/uploads\/2022\/01\/easda-tasas-ciclos.pdf\" target=\"_blank\" rel=\"noopener noreferrer\">listado de tasas<\/a> para Ciclos formativos de Artes Pl\u00e1sticas y Dise\u00f1o (* por el DECRETO LEY 2\/2022, de 22 de abril, del Consell para la reducci\u00f3n temporal del importe de las tasas propias y precios p\u00fablicos de la Generalitat para hacer frente al impacto de la inflaci\u00f3n, se aplicar\u00e1 una bonificaci\u00f3n del diez por ciento sobre las tasas devengadas durante el periodo comprendido desde el d\u00eda 2 de mayo de 2022 y el 31 de diciembre de 2022). [\/vc_column_text][vc_empty_space]<div class=\"qodef-section-title-holder  qodef-st-standard qodef-st-title-left qodef-st-normal-space \" >\n\t<div class=\"qodef-st-inner\">\n\t\t\t\t\t<h2 class=\"qodef-st-title\" >\n\t\t\t\tSuplemento Europeo de T\u00e9cnico y T\u00e9cnico Superior\t\t\t<\/h2>\n\t\t\t\t\t<\/div>\n<\/div>[vc_empty_space][vc_column_text]<a href=\"https:\/\/educagob.educacionfpydeportes.gob.es\/en\/ensenanzas\/artisticas\/suplemento-europass.html\" target=\"_blank\" rel=\"noopener noreferrer\">Enlace web<\/a> del Ministerio de Educacion para el Suplemento Europeo de T\u00e9cnico y T\u00e9cnico Superior de Artes Pl\u00e1sticas y Dise\u00f1o.[\/vc_column_text][vc_empty_space][\/vc_column][\/vc_row]<\/p>\n<p>[vc_empty_space]<div class=\"qodef-section-title-holder  qodef-st-standard qodef-st-title-left qodef-st-normal-space \" >\n\t<div class=\"qodef-st-inner\">\n\t\t\t\t\t<h2 class=\"qodef-st-title\" >\n\t\t\t\t\u00bfTener un ordenador port\u00e1til es requisito obligatorio?\t\t\t<\/h2>\n\t\t\t\t\t<\/div>\n<\/div>[vc_empty_space][vc_column_text]<\/p>\n<p>No es obligatorio, aunque s\u00ed muy recomendable. No obstante, en la EASDA tenemos aulas de ordenadores y tambi\u00e9n conexiones para el alumnado que trae su propio dispositivo.<\/p>\n<p>[vc_empty_space]<div class=\"qodef-section-title-holder  qodef-st-standard qodef-st-title-left qodef-st-normal-space \" >\n\t<div class=\"qodef-st-inner\">\n\t\t\t\t\t<h2 class=\"qodef-st-title\" >\n\t\t\t\tCon el t\u00edtulo de Bachillerato de Artes, \u00bfnecesito realizar alguna prueba para acceder a un Ciclo Formativo de Grado Superior de Artes Pl\u00e1sticas y Dise\u00f1o?\t\t\t<\/h2>\n\t\t\t\t\t<\/div>\n<\/div>[vc_empty_space][vc_column_text]<\/p>\n<p>Con el Bachillerato art\u00edstico tienes acceso directo a cualquier CFGS de Artes Pl\u00e1sticas y Dise\u00f1o, pero debes tener en cuenta que hay un cupo para acceso directo y va por nota. Hay unas fechas determinadas para solicitarlo. Consulta el calendario de Inscripci\u00f3n y acceso.<\/p>\n<p>[vc_empty_space]<div class=\"qodef-section-title-holder  qodef-st-standard qodef-st-title-left qodef-st-normal-space \" >\n\t<div class=\"qodef-st-inner\">\n\t\t\t\t\t<h2 class=\"qodef-st-title\" >\n\t\t\t\t\u00bfC\u00f3mo puedo prepararme para hacer la prueba espec\u00edfica para CFGS de Gr\u00e1fica Publicitaria, Ilustraci\u00f3n, Cer\u00e1mica, o Proyectos y Direcci\u00f3n de Obras y Decoraci\u00f3n?\t\t\t<\/h2>\n\t\t\t\t\t<\/div>\n<\/div>[vc_empty_space][vc_column_text]<\/p>\n<p>Puedes orientarte con los <a href=\"http:\/\/easda.es\/?page_id=4464\">modelos de prueba espec\u00edfica<\/a> que tenemos en nuestra web. Incluyen cuestiones sobre Historia del Arte, y ejercicios de dibujo y color.<\/p>\n<p>[vc_empty_space]<div class=\"qodef-section-title-holder  qodef-st-standard qodef-st-title-left qodef-st-normal-space \" >\n\t<div class=\"qodef-st-inner\">\n\t\t\t\t\t<h2 class=\"qodef-st-title\" >\n\t\t\t\t\u00bfD\u00f3nde puedo encontrar informaci\u00f3n sobre las pruebas General y Espec\u00edfica, y los materiales que tengo que llevar?\t\t\t<\/h2>\n\t\t\t\t\t<\/div>\n<\/div>[vc_empty_space][vc_column_text]<\/p>\n<p>Hemos preparado una <a href=\"http:\/\/easda.es\/wp\/wp-content\/uploads\/2020\/06\/Gu%C3%ADa_Prueba_CicloSuperior_WEB.pdf\">gu\u00eda<\/a> donde encontrar\u00e1s toda esa informaci\u00f3n sobre el acceso a los Ciclos Formativos de Grado Superior.<\/p>\n","protected":false},"excerpt":{"rendered":"<p>[vc_row][vc_column][vc_row_inner][vc_column_inner][vc_empty_space][vc_column_text]Puedes encontrar los modelos de ex\u00e1menes en la p\u00e1gina de Acceso a Grado Medio y Acceso a Grado Superior.[\/vc_column_text][\/vc_column_inner][\/vc_row_inner][vc_empty_space][vc_empty_space][vc_column_text]La prueba general de acceso a los ciclos formativos de Grado Medio tendr\u00e1 la siguiente estructura: a) Primer ejercicio. Contenido ling\u00fc\u00edstico: desarrollo [&hellip;]<\/p>\n","protected":false},"author":10,"featured_media":0,"parent":2758,"menu_order":0,"comment_status":"closed","ping_status":"closed","template":"","meta":{"footnotes":""},"class_list":["post-6433","page","type-page","status-publish","hentry"],"_links":{"self":[{"href":"https:\/\/easda.es\/index.php?rest_route=\/wp\/v2\/pages\/6433","targetHints":{"allow":["GET"]}}],"collection":[{"href":"https:\/\/easda.es\/index.php?rest_route=\/wp\/v2\/pages"}],"about":[{"href":"https:\/\/easda.es\/index.php?rest_route=\/wp\/v2\/types\/page"}],"author":[{"embeddable":true,"href":"https:\/\/easda.es\/index.php?rest_route=\/wp\/v2\/users\/10"}],"replies":[{"embeddable":true,"href":"https:\/\/easda.es\/index.php?rest_route=%2Fwp%2Fv2%2Fcomments&post=6433"}],"version-history":[{"count":34,"href":"https:\/\/easda.es\/index.php?rest_route=\/wp\/v2\/pages\/6433\/revisions"}],"predecessor-version":[{"id":18725,"href":"https:\/\/easda.es\/index.php?rest_route=\/wp\/v2\/pages\/6433\/revisions\/18725"}],"up":[{"embeddable":true,"href":"https:\/\/easda.es\/index.php?rest_route=\/wp\/v2\/pages\/2758"}],"wp:attachment":[{"href":"https:\/\/easda.es\/index.php?rest_route=%2Fwp%2Fv2%2Fmedia&parent=6433"}],"curies":[{"name":"wp","href":"https:\/\/api.w.org\/{rel}","templated":true}]}}