{"id":5958,"date":"2018-12-25T09:11:03","date_gmt":"2018-12-25T09:11:03","guid":{"rendered":"http:\/\/easda.es\/wp\/?page_id=5958"},"modified":"2025-09-05T10:05:13","modified_gmt":"2025-09-05T08:05:13","slug":"asignaturas-especialidad-grafica-publicitaria","status":"publish","type":"page","link":"https:\/\/easda.es\/?page_id=5958","title":{"rendered":"Contenidos del CFGS en Gr\u00e1fica Publicitaria"},"content":{"rendered":"<p>[vc_row][vc_column][vc_row_inner][vc_column_inner]<div class=\"qodef-section-title-holder  qodef-st-standard qodef-st-title-left qodef-st-normal-space \" >\n\t<div class=\"qodef-st-inner\">\n\t\t\t\t\t<h2 class=\"qodef-st-title\" >\n\t\t\t\tContenidos del CFGS en Gr\u00e1fica Publicitaria\t\t\t<\/h2>\n\t\t\t\t\t<\/div>\n<\/div>[vc_empty_space][\/vc_column_inner][\/vc_row_inner][vc_row_inner][vc_column_inner]<h3 class=\"qodef-custom-font-holder  qodef-cf-5477\"  data-item-class=\"qodef-cf-5477\">\n\tCurso 1\u00ba<\/h3>[vc_empty_space height=\u00bb24px\u00bb][vc_column_text]Formaci\u00f3n y orientaci\u00f3n laboral<br \/>\nFotograf\u00eda<br \/>\nFundamentos de la representaci\u00f3n y la expresi\u00f3n visual<br \/>\nFundamentos del dise\u00f1o gr\u00e1fico<br \/>\nLenguaje y Tecnolog\u00eda Audiovisual<br \/>\nMedios inform\u00e1ticos<br \/>\nProyectos de gr\u00e1fica publicitaria 1<br \/>\nTeor\u00eda de la imagen<br \/>\nTipograf\u00eda 1[\/vc_column_text][vc_empty_space height=\u00bb48px\u00bb][\/vc_column_inner][\/vc_row_inner][vc_row_inner][vc_column_inner]<h3 class=\"qodef-custom-font-holder  qodef-cf-3169\"  data-item-class=\"qodef-cf-3169\">\n\tCurso 2\u00ba<\/h3>[vc_empty_space height=\u00bb24px\u00bb][vc_column_text]Empresa e iniciativa emprendedora<br \/>\nHistoria de la imagen publicitaria<br \/>\nIdioma extranjero 2<br \/>\nProyecto integrado<br \/>\nProyectos de gr\u00e1fica publicitaria 2<br \/>\nRecursos aplicados a la fotograf\u00eda publicitaria<br \/>\nRecursos interactivos aplicados<br \/>\nTeor\u00eda de la publicidad y marketing<br \/>\nTipograf\u00eda 2<\/p>\n<p>&nbsp;<\/p>\n<p><a href=\"https:\/\/easda.es\/wp-content\/uploads\/2025\/09\/PD_GP.pdf\">Programaciones Did\u00e1cticas CFGS GR\u00c1FICA PUBLICITARIA<\/a><\/p>\n<p>[\/vc_column_text][vc_empty_space height=\u00bb48px\u00bb][\/vc_column_inner][\/vc_row_inner][\/vc_column][\/vc_row]<\/p>\n","protected":false},"excerpt":{"rendered":"<p>[vc_row][vc_column][vc_row_inner][vc_column_inner][vc_empty_space][\/vc_column_inner][\/vc_row_inner][vc_row_inner][vc_column_inner][vc_empty_space height=\u00bb24px\u00bb][vc_column_text]Formaci\u00f3n y orientaci\u00f3n laboral Fotograf\u00eda Fundamentos de la representaci\u00f3n y la expresi\u00f3n visual Fundamentos del dise\u00f1o gr\u00e1fico Lenguaje y Tecnolog\u00eda Audiovisual Medios inform\u00e1ticos Proyectos de gr\u00e1fica publicitaria 1 Teor\u00eda de la imagen Tipograf\u00eda 1[\/vc_column_text][vc_empty_space height=\u00bb48px\u00bb][\/vc_column_inner][\/vc_row_inner][vc_row_inner][vc_column_inner][vc_empty_space height=\u00bb24px\u00bb][vc_column_text]Empresa e iniciativa emprendedora [&hellip;]<\/p>\n","protected":false},"author":10,"featured_media":0,"parent":2842,"menu_order":0,"comment_status":"closed","ping_status":"closed","template":"","meta":{"footnotes":""},"class_list":["post-5958","page","type-page","status-publish","hentry"],"_links":{"self":[{"href":"https:\/\/easda.es\/index.php?rest_route=\/wp\/v2\/pages\/5958","targetHints":{"allow":["GET"]}}],"collection":[{"href":"https:\/\/easda.es\/index.php?rest_route=\/wp\/v2\/pages"}],"about":[{"href":"https:\/\/easda.es\/index.php?rest_route=\/wp\/v2\/types\/page"}],"author":[{"embeddable":true,"href":"https:\/\/easda.es\/index.php?rest_route=\/wp\/v2\/users\/10"}],"replies":[{"embeddable":true,"href":"https:\/\/easda.es\/index.php?rest_route=%2Fwp%2Fv2%2Fcomments&post=5958"}],"version-history":[{"count":6,"href":"https:\/\/easda.es\/index.php?rest_route=\/wp\/v2\/pages\/5958\/revisions"}],"predecessor-version":[{"id":19491,"href":"https:\/\/easda.es\/index.php?rest_route=\/wp\/v2\/pages\/5958\/revisions\/19491"}],"up":[{"embeddable":true,"href":"https:\/\/easda.es\/index.php?rest_route=\/wp\/v2\/pages\/2842"}],"wp:attachment":[{"href":"https:\/\/easda.es\/index.php?rest_route=%2Fwp%2Fv2%2Fmedia&parent=5958"}],"curies":[{"name":"wp","href":"https:\/\/api.w.org\/{rel}","templated":true}]}}

Contenidos del CFGS en Gráfica Publicitaria

<p>[vc_row][vc_column][vc_row_inner][vc_column_inner]<div class="qodef-section-title-holder  qodef-st-standard qodef-st-title-left qodef-st-normal-space " >
	<div class="qodef-st-inner">
					<h2 class="qodef-st-title" >
				Contenidos del CFGS en Gráfica Publicitaria			</h2>
					</div>
</div>[vc_empty_space][/vc_column_inner][/vc_row_inner][vc_row_inner][vc_column_inner]<h3 class="qodef-custom-font-holder  qodef-cf-5477"  data-item-class="qodef-cf-5477">
	Curso 1º</h3>[vc_empty_space height=»24px»][vc_column_text]Formación y orientación laboral<br />
Fotografía<br />
Fundamentos de la representación y la expresión visual<br />
Fundamentos del diseño gráfico<br />
Lenguaje y Tecnología Audiovisual<br />
Medios informáticos<br />
Proyectos de gráfica publicitaria 1<br />
Teoría de la imagen<br />
Tipografía 1[/vc_column_text][vc_empty_space height=»48px»][/vc_column_inner][/vc_row_inner][vc_row_inner][vc_column_inner]<h3 class="qodef-custom-font-holder  qodef-cf-3169"  data-item-class="qodef-cf-3169">
	Curso 2º</h3>[vc_empty_space height=»24px»][vc_column_text]Empresa e iniciativa emprendedora<br />
Historia de la imagen publicitaria<br />
Idioma extranjero 2<br />
Proyecto integrado<br />
Proyectos de gráfica publicitaria 2<br />
Recursos aplicados a la fotografía publicitaria<br />
Recursos interactivos aplicados<br />
Teoría de la publicidad y marketing<br />
Tipografía 2</p>
<p>&nbsp;</p>
<p><a href="https://easda.es/wp-content/uploads/2025/09/PD_GP.pdf">Programaciones Didácticas CFGS GRÁFICA PUBLICITARIA</a></p>
<p>[/vc_column_text][vc_empty_space height=»48px»][/vc_column_inner][/vc_row_inner][/vc_column][/vc_row]</p>

<p>[vc_row][vc_column][vc_row_inner][vc_column_inner][vc_empty_space][/vc_column_inner][/vc_row_inner][vc_row_inner][vc_column_inner][vc_empty_space height=»24px»][vc_column_text]Formación y orientación laboral Fotografía Fundamentos de la representación y la expresión visual Fundamentos del diseño gráfico Lenguaje y Tecnología Audiovisual Medios informáticos Proyectos de gráfica publicitaria 1 Teoría de la imagen Tipografía 1[/vc_column_text][vc_empty_space height=»48px»][/vc_column_inner][/vc_row_inner][vc_row_inner][vc_column_inner][vc_empty_space height=»24px»][vc_column_text]Empresa e iniciativa emprendedora [&hellip;]</p>
