{"id":5955,"date":"2018-12-25T09:09:41","date_gmt":"2018-12-25T09:09:41","guid":{"rendered":"http:\/\/easda.es\/wp\/?page_id=5955"},"modified":"2025-09-05T10:03:04","modified_gmt":"2025-09-05T08:03:04","slug":"asignaturas-especialidad-ilustracion","status":"publish","type":"page","link":"https:\/\/easda.es\/?page_id=5955","title":{"rendered":"Contenidos del CFGS en Ilustraci\u00f3n"},"content":{"rendered":"<p>[vc_row][vc_column][vc_row_inner][vc_column_inner]<div class=\"qodef-section-title-holder  qodef-st-standard qodef-st-title-left qodef-st-normal-space \" >\n\t<div class=\"qodef-st-inner\">\n\t\t\t\t\t<h2 class=\"qodef-st-title\" >\n\t\t\t\tContenidos del CFGS en Ilustraci\u00f3n\t\t\t<\/h2>\n\t\t\t\t\t<\/div>\n<\/div>[vc_empty_space][\/vc_column_inner][\/vc_row_inner][vc_row_inner][vc_column_inner]<h3 class=\"qodef-custom-font-holder  qodef-cf-1289\"  data-item-class=\"qodef-cf-1289\">\n\tCurso 1\u00ba<\/h3>[vc_empty_space height=\u00bb24px\u00bb][vc_column_text]<\/p>\n<p>Dibujo aplicado a la ilustraci\u00f3n 1<br \/>\nFotograf\u00eda<br \/>\nFund. de la representaci\u00f3n y la expresi\u00f3n visual<br \/>\nHistoria de la ilustraci\u00f3n 1<br \/>\nIdioma extranjero 1<br \/>\nMedios inform\u00e1ticos<br \/>\nProyectos de ilustraci\u00f3n 1<br \/>\nRepresentaci\u00f3n espacial aplicada 1<br \/>\nTeor\u00eda de la imagen<br \/>\nTeor\u00eda y pr\u00e1ctica de la animaci\u00f3n<\/p>\n<p>[\/vc_column_text][vc_empty_space height=\u00bb48px\u00bb][\/vc_column_inner][\/vc_row_inner][vc_row_inner][vc_column_inner]<h3 class=\"qodef-custom-font-holder  qodef-cf-2733\"  data-item-class=\"qodef-cf-2733\">\n\tCurso 2\u00ba<\/h3>[vc_empty_space height=\u00bb24px\u00bb][vc_column_text]Dibujo aplicado a la ilustraci\u00f3n 2<br \/>\nEmpresa e iniciativa emprendedora<br \/>\nHistoria de la ilustraci\u00f3n 2<br \/>\nIdioma extranjero 2<br \/>\nProducci\u00f3n gr\u00e1fica industrial<br \/>\nProyecto integrado<br \/>\nProyectos de ilustraci\u00f3n 2<br \/>\nRecursos interactivos aplicados a la ilustracio\u0301n<br \/>\nRepresentaci\u00f3n espacial aplicada 2<br \/>\nT\u00e9cnicas de expresi\u00f3n gr\u00e1fica<br \/>\nT\u00e9cnicas gr\u00e1ficas tradicionales<\/p>\n<p>&nbsp;<\/p>\n<p><a href=\"https:\/\/easda.es\/wp-content\/uploads\/2025\/09\/PD_ILU.pdf\" target=\"_blank\" rel=\"noopener\">Programaciones Did\u00e1cticas CFGS ILUSTRACI\u00d3N<\/a><\/p>\n<p>[\/vc_column_text][vc_empty_space height=\u00bb48px\u00bb][\/vc_column_inner][\/vc_row_inner][\/vc_column][\/vc_row]<\/p>\n","protected":false},"excerpt":{"rendered":"<p>[vc_row][vc_column][vc_row_inner][vc_column_inner][vc_empty_space][\/vc_column_inner][\/vc_row_inner][vc_row_inner][vc_column_inner][vc_empty_space height=\u00bb24px\u00bb][vc_column_text] Dibujo aplicado a la ilustraci\u00f3n 1 Fotograf\u00eda Fund. de la representaci\u00f3n y la expresi\u00f3n visual Historia de la ilustraci\u00f3n 1 Idioma extranjero 1 Medios inform\u00e1ticos Proyectos de ilustraci\u00f3n 1 Representaci\u00f3n espacial aplicada 1 Teor\u00eda de la imagen Teor\u00eda [&hellip;]<\/p>\n","protected":false},"author":10,"featured_media":0,"parent":2840,"menu_order":0,"comment_status":"closed","ping_status":"closed","template":"","meta":{"footnotes":""},"class_list":["post-5955","page","type-page","status-publish","hentry"],"_links":{"self":[{"href":"https:\/\/easda.es\/index.php?rest_route=\/wp\/v2\/pages\/5955","targetHints":{"allow":["GET"]}}],"collection":[{"href":"https:\/\/easda.es\/index.php?rest_route=\/wp\/v2\/pages"}],"about":[{"href":"https:\/\/easda.es\/index.php?rest_route=\/wp\/v2\/types\/page"}],"author":[{"embeddable":true,"href":"https:\/\/easda.es\/index.php?rest_route=\/wp\/v2\/users\/10"}],"replies":[{"embeddable":true,"href":"https:\/\/easda.es\/index.php?rest_route=%2Fwp%2Fv2%2Fcomments&post=5955"}],"version-history":[{"count":11,"href":"https:\/\/easda.es\/index.php?rest_route=\/wp\/v2\/pages\/5955\/revisions"}],"predecessor-version":[{"id":19489,"href":"https:\/\/easda.es\/index.php?rest_route=\/wp\/v2\/pages\/5955\/revisions\/19489"}],"up":[{"embeddable":true,"href":"https:\/\/easda.es\/index.php?rest_route=\/wp\/v2\/pages\/2840"}],"wp:attachment":[{"href":"https:\/\/easda.es\/index.php?rest_route=%2Fwp%2Fv2%2Fmedia&parent=5955"}],"curies":[{"name":"wp","href":"https:\/\/api.w.org\/{rel}","templated":true}]}}

Contenidos del CFGS en Ilustración

<p>[vc_row][vc_column][vc_row_inner][vc_column_inner]<div class="qodef-section-title-holder  qodef-st-standard qodef-st-title-left qodef-st-normal-space " >
	<div class="qodef-st-inner">
					<h2 class="qodef-st-title" >
				Contenidos del CFGS en Ilustración			</h2>
					</div>
</div>[vc_empty_space][/vc_column_inner][/vc_row_inner][vc_row_inner][vc_column_inner]<h3 class="qodef-custom-font-holder  qodef-cf-1289"  data-item-class="qodef-cf-1289">
	Curso 1º</h3>[vc_empty_space height=»24px»][vc_column_text]</p>
<p>Dibujo aplicado a la ilustración 1<br />
Fotografía<br />
Fund. de la representación y la expresión visual<br />
Historia de la ilustración 1<br />
Idioma extranjero 1<br />
Medios informáticos<br />
Proyectos de ilustración 1<br />
Representación espacial aplicada 1<br />
Teoría de la imagen<br />
Teoría y práctica de la animación</p>
<p>[/vc_column_text][vc_empty_space height=»48px»][/vc_column_inner][/vc_row_inner][vc_row_inner][vc_column_inner]<h3 class="qodef-custom-font-holder  qodef-cf-2733"  data-item-class="qodef-cf-2733">
	Curso 2º</h3>[vc_empty_space height=»24px»][vc_column_text]Dibujo aplicado a la ilustración 2<br />
Empresa e iniciativa emprendedora<br />
Historia de la ilustración 2<br />
Idioma extranjero 2<br />
Producción gráfica industrial<br />
Proyecto integrado<br />
Proyectos de ilustración 2<br />
Recursos interactivos aplicados a la ilustración<br />
Representación espacial aplicada 2<br />
Técnicas de expresión gráfica<br />
Técnicas gráficas tradicionales</p>
<p>&nbsp;</p>
<p><a href="https://easda.es/wp-content/uploads/2025/09/PD_ILU.pdf" target="_blank" rel="noopener">Programaciones Didácticas CFGS ILUSTRACIÓN</a></p>
<p>[/vc_column_text][vc_empty_space height=»48px»][/vc_column_inner][/vc_row_inner][/vc_column][/vc_row]</p>

<p>[vc_row][vc_column][vc_row_inner][vc_column_inner][vc_empty_space][/vc_column_inner][/vc_row_inner][vc_row_inner][vc_column_inner][vc_empty_space height=»24px»][vc_column_text] Dibujo aplicado a la ilustración 1 Fotografía Fund. de la representación y la expresión visual Historia de la ilustración 1 Idioma extranjero 1 Medios informáticos Proyectos de ilustración 1 Representación espacial aplicada 1 Teoría de la imagen Teoría [&hellip;]</p>
