{"id":5592,"date":"2018-12-08T20:02:32","date_gmt":"2018-12-08T20:02:32","guid":{"rendered":"http:\/\/easda.es\/wp\/?page_id=5592"},"modified":"2019-02-11T18:32:11","modified_gmt":"2019-02-11T18:32:11","slug":"practicum","status":"publish","type":"page","link":"https:\/\/easda.es\/?page_id=5592","title":{"rendered":"Pr\u00e1cticas acad\u00e9micas externas"},"content":{"rendered":"<p>[vc_row][vc_column][vc_row_inner][vc_column_inner]<div class=\"qodef-section-title-holder  qodef-st-standard qodef-st-title-left qodef-st-normal-space \" >\n\t<div class=\"qodef-st-inner\">\n\t\t\t\t\t<h2 class=\"qodef-st-title\" >\n\t\t\t\tPr\u00e1cticas acad\u00e9micas externas\t\t\t<\/h2>\n\t\t\t\t\t<\/div>\n<\/div>[vc_empty_space height=\u00bb24px\u00bb][vc_column_text]<\/p>\n<h3><span style=\"color: #808080;\"><b>\u00bfQu\u00e9 son las pr\u00e1cticas acad\u00e9micas externas?<\/b><\/span><\/h3>\n<p>Las pr\u00e1cticas acad\u00e9micas externas constituyen una actividad de naturaleza formativa realizada por los estudiantes de estudios superiores y m\u00e1steres y supervisada por los centros dependientes del ISEACV cuyo objetivo es permitir a los estudiantes aplicar y complementar los conocimientos adquiridos en su formaci\u00f3n acad\u00e9mica, favoreciendo la adquisici\u00f3n de competencias que les preparen para el ejercicio de actividades profesionales, faciliten su empleabilidad y fomenten su capacidad de emprendimiento.<\/p>\n<p>[\/vc_column_text][vc_empty_space height=\u00bb48px\u00bb][vc_column_text]<\/p>\n<h3><span style=\"color: #808080;\"><b>\u00bfCu\u00e1les son sus objetivos?<\/b><\/span><\/h3>\n<p>Con la realizaci\u00f3n de las pr\u00e1cticas acad\u00e9micas externas se pretenden alcanzar los siguientes fines:<\/p>\n<p>a) Contribuir a la formaci\u00f3n integral de los estudiantes complementando su aprendizaje te\u00f3rico y pr\u00e1ctico.<\/p>\n<p>b) Facilitar el conocimiento de la metodolog\u00eda de trabajo adecuada a la realidad profesional en que los estudiantes habr\u00e1n de operar, contrastando y aplicando los conocimientos adquiridos.<\/p>\n<p>c) Favorecer el desarrollo de competencias t\u00e9cnicas, metodol\u00f3gicas, personales y participativas.<\/p>\n<p>d) Obtener una experiencia pr\u00e1ctica que les facilite la inserci\u00f3n en el mercado de trabajo y mejore su empleabilidad futura.<\/p>\n<p>e) Favorecer los valores de la innovaci\u00f3n, la creatividad y el emprendimiento.<\/p>\n<p>[\/vc_column_text][vc_empty_space height=\u00bb48px\u00bb][vc_column_text]<\/p>\n<h3><span style=\"color: #808080;\"><b>\u00bfQu\u00e9 norma regula las pr\u00e1cticas?<\/b><\/span><\/h3>\n<p>La norma que las regula es la Orden 85\/2014, de 23 de octubre, de la Conseller\u00eda de Educaci\u00f3n, Cultura y Deporte, por la que se regulan las asignaturas optativas, el trabajo de fin de t\u00edtulo y las pr\u00e1cticas acad\u00e9micas externas de los estudiantes de ense\u00f1anzas art\u00edsticas superiores de los centros del Instituto Superior de Ense\u00f1anzas Art\u00edsticas de la Comunitat Valenciana.[\/vc_column_text][vc_empty_space height=\u00bb48px\u00bb][vc_column_text]<\/p>\n<h3><span style=\"color: #808080;\"><b>\u00bfCu\u00e1l es el procedimiento para iniciar las pr\u00e1cticas?<\/b><\/span><\/h3>\n<p>La EASDA es un centro oficial perteneciente a la Conseller\u00eda de Educaci\u00f3n y Cultura de la Generalitat Valenciana.<\/p>\n<p>Las empresas solicitantes contactan con los coordinadores de cada especialidad para iniciar la relaci\u00f3n de colaboraci\u00f3n a\u00f1adi\u00e9ndose al listado de empresas colaboradoras. Esto permitir\u00e1 al alumnado acceder a las pr\u00e1cticas acad\u00e9micas externas. Asimismo, el alumnado podr\u00e1 contactar con empresas y a\u00f1adirlas al listado.[\/vc_column_text][vc_empty_space height=\u00bb48px\u00bb][vc_column_text]<\/p>\n<h3><b>\u00bfQu\u00e9 modalidades hay?<\/b><\/h3>\n<p>Hay dos tipos de convenios de colaboraci\u00f3n:<\/p>\n<p>\u00b7 Pr\u00e1cticas curriculares. Forman parte del curr\u00edculum de la especialidad.<\/p>\n<p>Duraci\u00f3n: 240 horas en empresa.<\/p>\n<p>Fechas: a lo largo del 2\u00ba semestre (febrero a julio). Excepcionalmente se podr\u00e1n realizar en el 1\u00ba semestre (septiembre a enero).<\/p>\n<p>\u00b7 Pr\u00e1cticas extracurriculares.<\/p>\n<p>Duraci\u00f3n: 300 horas en empresa.<\/p>\n<p>Fechas: a lo largo del 2\u00ba semestre (febrero a julio). Excepcionalmente se podr\u00e1n realizar en el 1\u00ba semestre (septiembre a enero).[\/vc_column_text][vc_empty_space height=\u00bb48px\u00bb][vc_column_text]<\/p>\n<h3><b>Contacto Coordinadores Especialidades<\/b><\/h3>\n<p>Coordinador General:\u00a0Jos\u00e9 Salinas Mart\u00ednez<\/p>\n<p>Coordinador-Tutor ESD Producto: Amada Esteban Cabezuelo<\/p>\n<p>Coordinador-Tutor ESD Interiores: Amparo Aznar Cabot<\/p>\n<p>Coordinador-Tutor ESD Gr\u00e1fico: Eugenio Del Rey Mart\u00ednez<\/p>\n<p>Coordinador-Tutor ESD Moda: Roc\u00edo del Mar Ru\u00edz C\u00e1ceres[\/vc_column_text][\/vc_column_inner][\/vc_row_inner][\/vc_column][\/vc_row][vc_row][vc_column][vc_empty_space height=\u00bb48px\u00bb][\/vc_column][\/vc_row]<\/p>\n","protected":false},"excerpt":{"rendered":"<p>[vc_row][vc_column][vc_row_inner][vc_column_inner][vc_empty_space height=\u00bb24px\u00bb][vc_column_text] \u00bfQu\u00e9 son las pr\u00e1cticas acad\u00e9micas externas? Las pr\u00e1cticas acad\u00e9micas externas constituyen una actividad de naturaleza formativa realizada por los estudiantes de estudios superiores y m\u00e1steres y supervisada por los centros dependientes del ISEACV cuyo objetivo es permitir a [&hellip;]<\/p>\n","protected":false},"author":10,"featured_media":0,"parent":5589,"menu_order":0,"comment_status":"closed","ping_status":"closed","template":"","meta":{"footnotes":""},"class_list":["post-5592","page","type-page","status-publish","hentry"],"_links":{"self":[{"href":"https:\/\/easda.es\/index.php?rest_route=\/wp\/v2\/pages\/5592","targetHints":{"allow":["GET"]}}],"collection":[{"href":"https:\/\/easda.es\/index.php?rest_route=\/wp\/v2\/pages"}],"about":[{"href":"https:\/\/easda.es\/index.php?rest_route=\/wp\/v2\/types\/page"}],"author":[{"embeddable":true,"href":"https:\/\/easda.es\/index.php?rest_route=\/wp\/v2\/users\/10"}],"replies":[{"embeddable":true,"href":"https:\/\/easda.es\/index.php?rest_route=%2Fwp%2Fv2%2Fcomments&post=5592"}],"version-history":[{"count":20,"href":"https:\/\/easda.es\/index.php?rest_route=\/wp\/v2\/pages\/5592\/revisions"}],"predecessor-version":[{"id":6322,"href":"https:\/\/easda.es\/index.php?rest_route=\/wp\/v2\/pages\/5592\/revisions\/6322"}],"up":[{"embeddable":true,"href":"https:\/\/easda.es\/index.php?rest_route=\/wp\/v2\/pages\/5589"}],"wp:attachment":[{"href":"https:\/\/easda.es\/index.php?rest_route=%2Fwp%2Fv2%2Fmedia&parent=5592"}],"curies":[{"name":"wp","href":"https:\/\/api.w.org\/{rel}","templated":true}]}}

Prácticas académicas externas

<p>[vc_row][vc_column][vc_row_inner][vc_column_inner]<div class="qodef-section-title-holder  qodef-st-standard qodef-st-title-left qodef-st-normal-space " >
	<div class="qodef-st-inner">
					<h2 class="qodef-st-title" >
				Prácticas académicas externas			</h2>
					</div>
</div>[vc_empty_space height=»24px»][vc_column_text]</p>
<h3><span style="color: #808080;"><b>¿Qué son las prácticas académicas externas?</b></span></h3>
<p>Las prácticas académicas externas constituyen una actividad de naturaleza formativa realizada por los estudiantes de estudios superiores y másteres y supervisada por los centros dependientes del ISEACV cuyo objetivo es permitir a los estudiantes aplicar y complementar los conocimientos adquiridos en su formación académica, favoreciendo la adquisición de competencias que les preparen para el ejercicio de actividades profesionales, faciliten su empleabilidad y fomenten su capacidad de emprendimiento.</p>
<p>[/vc_column_text][vc_empty_space height=»48px»][vc_column_text]</p>
<h3><span style="color: #808080;"><b>¿Cuáles son sus objetivos?</b></span></h3>
<p>Con la realización de las prácticas académicas externas se pretenden alcanzar los siguientes fines:</p>
<p>a) Contribuir a la formación integral de los estudiantes complementando su aprendizaje teórico y práctico.</p>
<p>b) Facilitar el conocimiento de la metodología de trabajo adecuada a la realidad profesional en que los estudiantes habrán de operar, contrastando y aplicando los conocimientos adquiridos.</p>
<p>c) Favorecer el desarrollo de competencias técnicas, metodológicas, personales y participativas.</p>
<p>d) Obtener una experiencia práctica que les facilite la inserción en el mercado de trabajo y mejore su empleabilidad futura.</p>
<p>e) Favorecer los valores de la innovación, la creatividad y el emprendimiento.</p>
<p>[/vc_column_text][vc_empty_space height=»48px»][vc_column_text]</p>
<h3><span style="color: #808080;"><b>¿Qué norma regula las prácticas?</b></span></h3>
<p>La norma que las regula es la Orden 85/2014, de 23 de octubre, de la Consellería de Educación, Cultura y Deporte, por la que se regulan las asignaturas optativas, el trabajo de fin de título y las prácticas académicas externas de los estudiantes de enseñanzas artísticas superiores de los centros del Instituto Superior de Enseñanzas Artísticas de la Comunitat Valenciana.[/vc_column_text][vc_empty_space height=»48px»][vc_column_text]</p>
<h3><span style="color: #808080;"><b>¿Cuál es el procedimiento para iniciar las prácticas?</b></span></h3>
<p>La EASDA es un centro oficial perteneciente a la Consellería de Educación y Cultura de la Generalitat Valenciana.</p>
<p>Las empresas solicitantes contactan con los coordinadores de cada especialidad para iniciar la relación de colaboración añadiéndose al listado de empresas colaboradoras. Esto permitirá al alumnado acceder a las prácticas académicas externas. Asimismo, el alumnado podrá contactar con empresas y añadirlas al listado.[/vc_column_text][vc_empty_space height=»48px»][vc_column_text]</p>
<h3><b>¿Qué modalidades hay?</b></h3>
<p>Hay dos tipos de convenios de colaboración:</p>
<p>· Prácticas curriculares. Forman parte del currículum de la especialidad.</p>
<p>Duración: 240 horas en empresa.</p>
<p>Fechas: a lo largo del 2º semestre (febrero a julio). Excepcionalmente se podrán realizar en el 1º semestre (septiembre a enero).</p>
<p>· Prácticas extracurriculares.</p>
<p>Duración: 300 horas en empresa.</p>
<p>Fechas: a lo largo del 2º semestre (febrero a julio). Excepcionalmente se podrán realizar en el 1º semestre (septiembre a enero).[/vc_column_text][vc_empty_space height=»48px»][vc_column_text]</p>
<h3><b>Contacto Coordinadores Especialidades</b></h3>
<p>Coordinador General: José Salinas Martínez</p>
<p>Coordinador-Tutor ESD Producto: Amada Esteban Cabezuelo</p>
<p>Coordinador-Tutor ESD Interiores: Amparo Aznar Cabot</p>
<p>Coordinador-Tutor ESD Gráfico: Eugenio Del Rey Martínez</p>
<p>Coordinador-Tutor ESD Moda: Rocío del Mar Ruíz Cáceres[/vc_column_text][/vc_column_inner][/vc_row_inner][/vc_column][/vc_row][vc_row][vc_column][vc_empty_space height=»48px»][/vc_column][/vc_row]</p>

<p>[vc_row][vc_column][vc_row_inner][vc_column_inner][vc_empty_space height=»24px»][vc_column_text] ¿Qué son las prácticas académicas externas? Las prácticas académicas externas constituyen una actividad de naturaleza formativa realizada por los estudiantes de estudios superiores y másteres y supervisada por los centros dependientes del ISEACV cuyo objetivo es permitir a [&hellip;]</p>
