{"id":2836,"date":"2018-03-22T16:23:58","date_gmt":"2018-03-22T16:23:58","guid":{"rendered":"http:\/\/easda.es\/wp\/?page_id=2836"},"modified":"2024-05-09T14:51:27","modified_gmt":"2024-05-09T12:51:27","slug":"modelismo-maquetismo","status":"publish","type":"page","link":"https:\/\/easda.es\/?page_id=2836","title":{"rendered":"CFGS Modelismo y Maquetismo(*)"},"content":{"rendered":"<p>[vc_row gap=\u00bb30&#8243;][vc_column][vc_row_inner][vc_column_inner]<div class=\"qodef-section-title-holder  qodef-st-standard qodef-st-title-left qodef-st-normal-space \" >\n\t<div class=\"qodef-st-inner\">\n\t\t\t\t\t<h2 class=\"qodef-st-title\" >\n\t\t\t\tPara el presente curso no est\u00e1 autorizada ninguna unidad de escolarizaci\u00f3n de esta ense\u00f1anza\t\t\t<\/h2>\n\t\t\t\t\t<\/div>\n<\/div>[vc_empty_space height=\u00bb24px\u00bb][vc_column_text]<a href=\"http:\/\/easda.es\/wp\/wp-content\/uploads\/2019\/06\/maquetismo.pdf\" target=\"_blank\" rel=\"noopener\">(BOE 28 de abril de 1998)<\/a> *(consulta la p\u00e1g.4 del BOE).<\/p>\n<p>Como T\u00e9cnico Superior de Artes Pl\u00e1sticas y Dise\u00f1o en Modelismo y Maquetismo est\u00e1s preparado\/a para representar a escala reducida y definir en maquetas volum\u00e9tricas las ideas que los\/as dise\u00f1adores\/as precisan. Adquirir\u00e1s preparaci\u00f3n para definir en maquetas arquitect\u00f3nicas volum\u00e9tricas: como profesional recoges las necesidades de ramas o profesiones que precisan del modelista o maquetista (arquitectura, urbanismo, decoraci\u00f3n, modelismo a\u00e9reo, naval, etc.)<\/p>\n<p>Salidas profesionales: como profesional en este campo puedes constituirte en peque\u00f1as empresas aut\u00f3nomas o bien montar tu propio taller, as\u00ed como integrarte en grandes empresas que requieren de estos profesionales. Tambi\u00e9n puedes\u00a0<a href=\"http:\/\/easda.es\/wp\/wp-content\/uploads\/2019\/06\/Acceso-a-la-universidad-desde-otras-titulaciones.pdf\" target=\"_blank\" rel=\"noopener\">Acceso a la universidad desde otras titulaciones.<\/a><\/p>\n<p>[\/vc_column_text][vc_empty_space height=\u00bb45px\u00bb][\/vc_column_inner][\/vc_row_inner][\/vc_column][\/vc_row]<\/p>\n","protected":false},"excerpt":{"rendered":"<p>[vc_row gap=\u00bb30&#8243;][vc_column][vc_row_inner][vc_column_inner][vc_empty_space height=\u00bb24px\u00bb][vc_column_text](BOE 28 de abril de 1998) *(consulta la p\u00e1g.4 del BOE). Como T\u00e9cnico Superior de Artes Pl\u00e1sticas y Dise\u00f1o en Modelismo y Maquetismo est\u00e1s preparado\/a para representar a escala reducida y definir en maquetas volum\u00e9tricas las ideas que [&hellip;]<\/p>\n","protected":false},"author":10,"featured_media":0,"parent":2758,"menu_order":0,"comment_status":"closed","ping_status":"closed","template":"","meta":{"footnotes":""},"class_list":["post-2836","page","type-page","status-publish","hentry"],"_links":{"self":[{"href":"https:\/\/easda.es\/index.php?rest_route=\/wp\/v2\/pages\/2836","targetHints":{"allow":["GET"]}}],"collection":[{"href":"https:\/\/easda.es\/index.php?rest_route=\/wp\/v2\/pages"}],"about":[{"href":"https:\/\/easda.es\/index.php?rest_route=\/wp\/v2\/types\/page"}],"author":[{"embeddable":true,"href":"https:\/\/easda.es\/index.php?rest_route=\/wp\/v2\/users\/10"}],"replies":[{"embeddable":true,"href":"https:\/\/easda.es\/index.php?rest_route=%2Fwp%2Fv2%2Fcomments&post=2836"}],"version-history":[{"count":20,"href":"https:\/\/easda.es\/index.php?rest_route=\/wp\/v2\/pages\/2836\/revisions"}],"predecessor-version":[{"id":16230,"href":"https:\/\/easda.es\/index.php?rest_route=\/wp\/v2\/pages\/2836\/revisions\/16230"}],"up":[{"embeddable":true,"href":"https:\/\/easda.es\/index.php?rest_route=\/wp\/v2\/pages\/2758"}],"wp:attachment":[{"href":"https:\/\/easda.es\/index.php?rest_route=%2Fwp%2Fv2%2Fmedia&parent=2836"}],"curies":[{"name":"wp","href":"https:\/\/api.w.org\/{rel}","templated":true}]}}