{"id":2810,"date":"2018-03-22T16:13:27","date_gmt":"2018-03-22T16:13:27","guid":{"rendered":"http:\/\/easda.es\/wp\/?page_id=2810"},"modified":"2024-05-09T14:12:35","modified_gmt":"2024-05-09T12:12:35","slug":"mision-vision-y-valores","status":"publish","type":"page","link":"https:\/\/easda.es\/?page_id=2810","title":{"rendered":"Misi\u00f3n, Visi\u00f3n y Valores"},"content":{"rendered":"<p>[vc_row gap=\u00bb30&#8243;][vc_column][vc_row_inner][vc_column_inner][vc_single_image image=\u00bb6128&#8243; img_size=\u00bbfull\u00bb][vc_empty_space height=\u00bb48px\u00bb][\/vc_column_inner][\/vc_row_inner][vc_row_inner][vc_column_inner]<div class=\"qodef-section-title-holder  qodef-st-standard qodef-st-title-left qodef-st-normal-space \" style=\"text-align: left\">\n\t<div class=\"qodef-st-inner\">\n\t\t\t\t\t<h2 class=\"qodef-st-title\" >\n\t\t\t\tMisi\u00f3n\t\t\t<\/h2>\n\t\t\t\t\t<\/div>\n<\/div>[vc_empty_space]<h3 class=\"qodef-custom-font-holder  qodef-cf-8293\"  data-item-class=\"qodef-cf-8293\">\n\tNuestra misi\u00f3n es:<\/h3>[vc_column_text]Prestar un servicio educativo de calidad en la formaci\u00f3n integral de personas capaces de <strong>desarrollar su autonom\u00eda y creatividad<\/strong> para un <strong>pleno desarrollo profesional<\/strong>.[\/vc_column_text][vc_empty_space height=\u00bb64px\u00bb][\/vc_column_inner][\/vc_row_inner][vc_row_inner][vc_column_inner]<div class=\"qodef-section-title-holder  qodef-st-standard qodef-st-title-left qodef-st-normal-space \" style=\"text-align: left\">\n\t<div class=\"qodef-st-inner\">\n\t\t\t\t\t<h2 class=\"qodef-st-title\" >\n\t\t\t\tVisi\u00f3n\t\t\t<\/h2>\n\t\t\t\t\t<\/div>\n<\/div>[vc_empty_space]<h3 class=\"qodef-custom-font-holder  qodef-cf-1288\"  data-item-class=\"qodef-cf-1288\">\n\tQueremos ser reconocidos como un centro que:<\/h3>[vc_column_text]\u2022 Integra las diferencias individuales y culturales de sus miembros.<br \/>\n\u2022 Responde a las necesidades de la comunidad educativa, consiguiendo los mejores resultados acad\u00e9micos tanto referido al \u00e9xito escolar de nuestro alumnado como a la posterior inserci\u00f3n laboral y social del mismo.<br \/>\n\u2022 Es un referente acad\u00e9mico y profesional en la zona.<br \/>\n\u2022 Extiende la implicaci\u00f3n y la corresponsabilidad entre los miembros de la comunidad educativa en la gesti\u00f3n del centro.[\/vc_column_text][vc_empty_space height=\u00bb64px\u00bb][\/vc_column_inner][\/vc_row_inner][vc_row_inner][vc_column_inner]<div class=\"qodef-section-title-holder  qodef-st-standard qodef-st-title-left qodef-st-normal-space \" style=\"text-align: left\">\n\t<div class=\"qodef-st-inner\">\n\t\t\t\t\t<h2 class=\"qodef-st-title\" >\n\t\t\t\tValores\t\t\t<\/h2>\n\t\t\t\t\t<\/div>\n<\/div>[vc_empty_space]<h3 class=\"qodef-custom-font-holder  qodef-cf-4372\"  data-item-class=\"qodef-cf-4372\">\n\tNuestros valores son:<\/h3>[vc_column_text]\u2022 Trabajo en equipo.<br \/>\n\u2022 Fomento de la autonomi\u0301a, la creatividad y la investigacio\u0301n.<br \/>\n\u2022 Respeto a los valores democra\u0301ticos.<br \/>\n\u2022 Intercambio de experiencias y materiales con otros centros.<br \/>\n\u2022 El respeto mutuo entre los\/as miembros de la comunidad escolar.<br \/>\n\u2022 La tolerancia, para considerar y aceptar las ideas de todos\/as.<br \/>\n\u2022 El autoaprendizaje, mediante el cual cada alumno\/a sea receptor de ideas y con ellas desarrolle su formacio\u0301n.<br \/>\n\u2022 La reflexio\u0301n intelectual sobre la pra\u0301ctica arti\u0301stica, para que esta sea consecuencia del pensamiento ordenado.[\/vc_column_text][vc_empty_space height=\u00bb64px\u00bb][\/vc_column_inner][\/vc_row_inner][\/vc_column][\/vc_row]<\/p>\n","protected":false},"excerpt":{"rendered":"<p>[vc_row gap=\u00bb30&#8243;][vc_column][vc_row_inner][vc_column_inner][vc_single_image image=\u00bb6128&#8243; img_size=\u00bbfull\u00bb][vc_empty_space height=\u00bb48px\u00bb][\/vc_column_inner][\/vc_row_inner][vc_row_inner][vc_column_inner][vc_empty_space][vc_column_text]Prestar un servicio educativo de calidad en la formaci\u00f3n integral de personas capaces de desarrollar su autonom\u00eda y creatividad para un pleno desarrollo profesional.[\/vc_column_text][vc_empty_space height=\u00bb64px\u00bb][\/vc_column_inner][\/vc_row_inner][vc_row_inner][vc_column_inner][vc_empty_space][vc_column_text]\u2022 Integra las diferencias individuales y culturales de sus miembros. \u2022 Responde [&hellip;]<\/p>\n","protected":false},"author":10,"featured_media":0,"parent":2391,"menu_order":0,"comment_status":"closed","ping_status":"closed","template":"","meta":{"footnotes":""},"class_list":["post-2810","page","type-page","status-publish","hentry"],"_links":{"self":[{"href":"https:\/\/easda.es\/index.php?rest_route=\/wp\/v2\/pages\/2810","targetHints":{"allow":["GET"]}}],"collection":[{"href":"https:\/\/easda.es\/index.php?rest_route=\/wp\/v2\/pages"}],"about":[{"href":"https:\/\/easda.es\/index.php?rest_route=\/wp\/v2\/types\/page"}],"author":[{"embeddable":true,"href":"https:\/\/easda.es\/index.php?rest_route=\/wp\/v2\/users\/10"}],"replies":[{"embeddable":true,"href":"https:\/\/easda.es\/index.php?rest_route=%2Fwp%2Fv2%2Fcomments&post=2810"}],"version-history":[{"count":150,"href":"https:\/\/easda.es\/index.php?rest_route=\/wp\/v2\/pages\/2810\/revisions"}],"predecessor-version":[{"id":16192,"href":"https:\/\/easda.es\/index.php?rest_route=\/wp\/v2\/pages\/2810\/revisions\/16192"}],"up":[{"embeddable":true,"href":"https:\/\/easda.es\/index.php?rest_route=\/wp\/v2\/pages\/2391"}],"wp:attachment":[{"href":"https:\/\/easda.es\/index.php?rest_route=%2Fwp%2Fv2%2Fmedia&parent=2810"}],"curies":[{"name":"wp","href":"https:\/\/api.w.org\/{rel}","templated":true}]}}