{"id":2792,"date":"2018-03-21T22:17:08","date_gmt":"2018-03-21T22:17:08","guid":{"rendered":"http:\/\/easda.es\/wp\/?page_id=2792"},"modified":"2026-02-04T19:23:21","modified_gmt":"2026-02-04T18:23:21","slug":"sugerencias-y-reclamaciones","status":"publish","type":"page","link":"https:\/\/easda.es\/?page_id=2792","title":{"rendered":"Sugerencias y reclamaciones"},"content":{"rendered":"<p>[vc_row][vc_column][vc_row_inner][vc_column_inner]<div class=\"qodef-section-title-holder  qodef-st-standard qodef-st-title-left qodef-st-normal-space \" >\n\t<div class=\"qodef-st-inner\">\n\t\t\t\t\t<h2 class=\"qodef-st-title\" >\n\t\t\t\tSugerencias y Reclamaciones\t\t\t<\/h2>\n\t\t\t\t\t<\/div>\n<\/div>[vc_empty_space height=\u00bb24px\u00bb][vc_column_text]Si quieres realizar alguna sugerencia o reclamaci\u00f3n utiliza el formulario adjunto y pres\u00e9ntalo en la administraci\u00f3n<\/p>\n<p><a href=\"https:\/\/easda.es\/wp-content\/uploads\/2026\/02\/R_Plantilla_SQRF.pdf\">Sugerencias y reclamaciones<\/a>[\/vc_column_text][vc_empty_space height=\u00bb48px\u00bb][\/vc_column_inner][\/vc_row_inner][\/vc_column][\/vc_row]<\/p>\n","protected":false},"excerpt":{"rendered":"<p>[vc_row][vc_column][vc_row_inner][vc_column_inner][vc_empty_space height=\u00bb24px\u00bb][vc_column_text]Si quieres realizar alguna sugerencia o reclamaci\u00f3n utiliza el formulario adjunto y pres\u00e9ntalo en la administraci\u00f3n Sugerencias y reclamaciones[\/vc_column_text][vc_empty_space height=\u00bb48px\u00bb][\/vc_column_inner][\/vc_row_inner][\/vc_column][\/vc_row]<\/p>\n","protected":false},"author":10,"featured_media":0,"parent":2786,"menu_order":0,"comment_status":"closed","ping_status":"closed","template":"","meta":{"footnotes":""},"class_list":["post-2792","page","type-page","status-publish","hentry"],"_links":{"self":[{"href":"https:\/\/easda.es\/index.php?rest_route=\/wp\/v2\/pages\/2792","targetHints":{"allow":["GET"]}}],"collection":[{"href":"https:\/\/easda.es\/index.php?rest_route=\/wp\/v2\/pages"}],"about":[{"href":"https:\/\/easda.es\/index.php?rest_route=\/wp\/v2\/types\/page"}],"author":[{"embeddable":true,"href":"https:\/\/easda.es\/index.php?rest_route=\/wp\/v2\/users\/10"}],"replies":[{"embeddable":true,"href":"https:\/\/easda.es\/index.php?rest_route=%2Fwp%2Fv2%2Fcomments&post=2792"}],"version-history":[{"count":9,"href":"https:\/\/easda.es\/index.php?rest_route=\/wp\/v2\/pages\/2792\/revisions"}],"predecessor-version":[{"id":20431,"href":"https:\/\/easda.es\/index.php?rest_route=\/wp\/v2\/pages\/2792\/revisions\/20431"}],"up":[{"embeddable":true,"href":"https:\/\/easda.es\/index.php?rest_route=\/wp\/v2\/pages\/2786"}],"wp:attachment":[{"href":"https:\/\/easda.es\/index.php?rest_route=%2Fwp%2Fv2%2Fmedia&parent=2792"}],"curies":[{"name":"wp","href":"https:\/\/api.w.org\/{rel}","templated":true}]}}