{"id":20320,"date":"2026-01-28T13:02:40","date_gmt":"2026-01-28T12:02:40","guid":{"rendered":"https:\/\/easda.es\/?page_id=20320"},"modified":"2026-03-25T09:42:40","modified_gmt":"2026-03-25T08:42:40","slug":"jornadas-aliola-2026","status":"publish","type":"page","link":"https:\/\/easda.es\/?page_id=20320","title":{"rendered":"Jornadas de dise\u00f1o Aliola 2026"},"content":{"rendered":"\n<p>[vc_row][vc_column][vc_row_inner][vc_column_inner]<div class=\"qodef-section-title-holder  qodef-st-standard qodef-st-title-left qodef-st-normal-space \" >\n\t<div class=\"qodef-st-inner\">\n\t\t\t\t\t<h2 class=\"qodef-st-title\" >\n\t\t\t\tJornadas de dise\u00f1o Aliola 2026\t\t\t<\/h2>\n\t\t\t\t\t<\/div>\n<\/div>\n\n\n\n<div style=\"height:30px\" aria-hidden=\"true\" class=\"wp-block-spacer\"><\/div>\n\n\n<div class=\"wp-block-image\">\n<figure class=\"aligncenter size-large is-resized\"><img loading=\"lazy\" decoding=\"async\" width=\"819\" height=\"1024\" src=\"https:\/\/easda.es\/wp-content\/uploads\/2026\/03\/Cartel_ALIOLA-819x1024.jpg\" alt=\"\" class=\"wp-image-20783\" style=\"aspect-ratio:0.7998145715830951;width:491px;height:auto\" srcset=\"https:\/\/easda.es\/wp-content\/uploads\/2026\/03\/Cartel_ALIOLA-819x1024.jpg 819w, https:\/\/easda.es\/wp-content\/uploads\/2026\/03\/Cartel_ALIOLA-240x300.jpg 240w, https:\/\/easda.es\/wp-content\/uploads\/2026\/03\/Cartel_ALIOLA-768x960.jpg 768w, https:\/\/easda.es\/wp-content\/uploads\/2026\/03\/Cartel_ALIOLA.jpg 1080w\" sizes=\"auto, (max-width: 819px) 100vw, 819px\" \/><\/figure>\n<\/div>\n\n\n<div style=\"height:17px\" aria-hidden=\"true\" class=\"wp-block-spacer\"><\/div>\n\n\n\n<p class=\"has-text-color has-link-color wp-elements-9b57535d21eed9f40b2e45f2bef0edc9\" style=\"color:#ec0202\"><\/p>\n\n\n\n<hr class=\"wp-block-separator has-text-color has-alpha-channel-opacity has-background is-style-default\" style=\"background-color:#ec0303;color:#ec0303\"\/>\n\n\n\n<p class=\"has-text-color has-link-color wp-elements-78b0b79ba638c6da83c234dd03f64c29\" style=\"color:#ec0303\">\ud83d\udc99&nbsp;<strong>Aliola 2026<\/strong><\/p>\n\n\n\n<p class=\"has-text-color has-link-color wp-elements-413ed8fc312e3af107487f81a9a44ae9\" style=\"color:#ec0303\">\ud83d\udcc5&nbsp;<strong>10 y 11 de Marzo<\/strong><\/p>\n\n\n\n<p class=\"has-text-color has-link-color wp-elements-868ea8f8a0ca071b749c2b2a9b82a1d9\" style=\"color:#ec0303\">\ud83d\udccd<strong>ADDA<\/strong>, Auditorio de la Diputaci\u00f3n de Alicante (Alicante)<\/p>\n\n\n\n<p class=\"has-text-color has-link-color wp-elements-8709b36315514fdce92f0bee18669257\" style=\"color:#ec0303\">\ud83c\udf9f&nbsp;<strong><a href=\"https:\/\/www.eventbrite.es\/e\/entradas-aliola-jornadas-easda-1981694410327?aff=oddtdtcreator\" data-type=\"link\" data-id=\"https:\/\/www.eventbrite.es\/e\/entradas-aliola-jornadas-easda-1981694410327?aff=oddtdtcreator\">Reserva tus entradas en eventbrite<\/a><\/strong><\/p>\n\n\n\n<hr class=\"wp-block-separator has-text-color has-alpha-channel-opacity has-background\" style=\"background-color:#ec0303;color:#ec0303\"\/>\n\n\n\n<div style=\"height:30px\" aria-hidden=\"true\" class=\"wp-block-spacer\"><\/div>\n\n\n\n<p><strong>Aliola<\/strong>, las jornadas de Dise\u00f1o de la Escuela de Arte y Superior de Dise\u00f1o de Alicante, son dos d\u00edas de jornadas que conecta a la comunidad creativa de Alicante. <a href=\"https:\/\/easda.es\/?p=20229\" data-type=\"link\" data-id=\"https:\/\/easda.es\/?p=20229\">(+)<\/a><\/p>\n\n\n\n<div style=\"height:11px\" aria-hidden=\"true\" class=\"wp-block-spacer\"><\/div>\n\n\n\n<p class=\"has-text-color has-link-color wp-elements-b203ee5d6ab2193120c7992891cf64e0\" style=\"color:#575151\"><strong>Ingrid Picanyol<\/strong>, comunicadora visual, oral y escrita estar\u00e1 en Aliola para deleitarnos con su mirada y sensibilidad visual sobre el dise\u00f1o. <a href=\"https:\/\/easda.es\/?page_id=20339\" data-type=\"link\" data-id=\"https:\/\/easda.es\/?page_id=20339\">(<\/a><a href=\"https:\/\/easda.es\/?p=20377\" data-type=\"link\" data-id=\"https:\/\/easda.es\/?p=20377\">+<\/a><a href=\"https:\/\/easda.es\/?page_id=20339\" data-type=\"link\" data-id=\"https:\/\/easda.es\/?page_id=20339\">)<\/a><\/p>\n\n\n\n<div style=\"height:11px\" aria-hidden=\"true\" class=\"wp-block-spacer\"><\/div>\n\n\n\n<p>Conoce a <strong>Luis Sala<\/strong> y su apasionante recorrido por el Dise\u00f1o de Moda <a href=\"https:\/\/easda.es\/?p=20439\" data-type=\"link\" data-id=\"https:\/\/easda.es\/?p=20439\">(+)<\/a><\/p>\n\n\n\n<div style=\"height:11px\" aria-hidden=\"true\" class=\"wp-block-spacer\"><\/div>\n\n\n\n<p>En la era algor\u00edtimica el arte sigue siendo una necesidad profundamente humana. Descubre a <strong>Katsukokoiso<\/strong> <a href=\"https:\/\/easda.es\/?p=20534\" data-type=\"link\" data-id=\"https:\/\/easda.es\/?p=20534\">(+)<\/a><\/p>\n\n\n\n<div style=\"height:11px\" aria-hidden=\"true\" class=\"wp-block-spacer\"><\/div>\n\n\n\n<p>Sencillez, elegancia y juego, descubre a <strong>Clap Studio<\/strong> en ALIOLA, las jornadas de dise\u00f1o <a href=\"https:\/\/easda.es\/?p=20578\" data-type=\"link\" data-id=\"https:\/\/easda.es\/?p=20578\">(+)<\/a><\/p>\n\n\n\n<div style=\"height:11px\" aria-hidden=\"true\" class=\"wp-block-spacer\"><\/div>\n\n\n\n<p><strong>Mariona Valls<\/strong> CEO de <strong>Mango Protocol<\/strong> estar\u00e1 en ALIOLA para ponernos al d\u00eda en Videojuegos <a href=\"https:\/\/easda.es\/?p=20638\" data-type=\"link\" data-id=\"https:\/\/easda.es\/?p=20638\">(+)<\/a><\/p>\n\n\n\n<div style=\"height:11px\" aria-hidden=\"true\" class=\"wp-block-spacer\"><\/div>\n\n\n\n<p><strong>Angie Bolea<\/strong> de <strong>Canada<\/strong>, Visual Researcher en videoclips, publicidad y proyectos de moda, nos contar\u00e1 en Aliola qu\u00e9 se esconde tras el desarrollo creativo <a href=\"https:\/\/easda.es\/?p=20659\" data-type=\"link\" data-id=\"https:\/\/easda.es\/?p=20659\">(+)<\/a><\/p>\n\n\n\n<div style=\"height:24px\" aria-hidden=\"true\" class=\"wp-block-spacer\"><\/div>\n\n\n\n<figure class=\"wp-block-video\"><video height=\"1080\" style=\"aspect-ratio: 1920 \/ 1080;\" width=\"1920\" autoplay loop muted poster=\"https:\/\/easda.es\/wp-content\/uploads\/2026\/01\/Noticia-Web-AliHola.png\" src=\"https:\/\/easda.es\/wp-content\/uploads\/2026\/01\/Noticias-Web-Animacion.mp4\" playsinline><\/video><\/figure>\n\n\n\n<div style=\"height:11px\" aria-hidden=\"true\" class=\"wp-block-spacer\"><\/div>\n\n\n\n<div style=\"height:27px\" aria-hidden=\"true\" class=\"wp-block-spacer\"><\/div>\n\n\n\n<p class=\"has-text-color has-link-color wp-elements-6ab0b58122be489595d3a847102b158d\" style=\"color:#e73838\"><strong>PROGRAMA<\/strong> <strong>ALIOLA 2026:<\/strong><\/p>\n\n\n\n<figure class=\"wp-block-gallery has-nested-images columns-default is-cropped wp-block-gallery-2 is-layout-flex wp-block-gallery-is-layout-flex\">\n<figure class=\"wp-block-image size-large\"><a href=\"https:\/\/easda.es\/wp-content\/uploads\/2026\/03\/ALIOLA_10.jpg\"><img loading=\"lazy\" decoding=\"async\" width=\"847\" height=\"1024\" data-id=\"20802\" src=\"https:\/\/easda.es\/wp-content\/uploads\/2026\/03\/ALIOLA_10-847x1024.jpg\" alt=\"\" class=\"wp-image-20802\" srcset=\"https:\/\/easda.es\/wp-content\/uploads\/2026\/03\/ALIOLA_10-847x1024.jpg 847w, https:\/\/easda.es\/wp-content\/uploads\/2026\/03\/ALIOLA_10-248x300.jpg 248w, https:\/\/easda.es\/wp-content\/uploads\/2026\/03\/ALIOLA_10-768x929.jpg 768w, https:\/\/easda.es\/wp-content\/uploads\/2026\/03\/ALIOLA_10.jpg 1080w\" sizes=\"auto, (max-width: 847px) 100vw, 847px\" \/><\/a><\/figure>\n\n\n\n<figure class=\"wp-block-image size-large\"><a href=\"https:\/\/easda.es\/wp-content\/uploads\/2026\/03\/ALIOLA_11.jpg\"><img loading=\"lazy\" decoding=\"async\" width=\"848\" height=\"1024\" data-id=\"20803\" src=\"https:\/\/easda.es\/wp-content\/uploads\/2026\/03\/ALIOLA_11-848x1024.jpg\" alt=\"\" class=\"wp-image-20803\" srcset=\"https:\/\/easda.es\/wp-content\/uploads\/2026\/03\/ALIOLA_11-848x1024.jpg 848w, https:\/\/easda.es\/wp-content\/uploads\/2026\/03\/ALIOLA_11-248x300.jpg 248w, https:\/\/easda.es\/wp-content\/uploads\/2026\/03\/ALIOLA_11-768x928.jpg 768w, https:\/\/easda.es\/wp-content\/uploads\/2026\/03\/ALIOLA_11.jpg 1081w\" sizes=\"auto, (max-width: 848px) 100vw, 848px\" \/><\/a><\/figure>\n<\/figure>\n\n\n\n<div style=\"height:27px\" aria-hidden=\"true\" class=\"wp-block-spacer\"><\/div>\n\n\n\n<p class=\"has-text-color has-link-color wp-elements-9ac4ff4b52a0cc8cf9f49e29b059a296\" style=\"color:#e73838\"><strong>COLABORADORES DE ALIOLA 2026:<\/strong><\/p>\n\n\n<div class=\"wp-block-image\">\n<figure class=\"aligncenter size-large is-resized\"><img loading=\"lazy\" decoding=\"async\" width=\"1011\" height=\"1024\" src=\"https:\/\/easda.es\/wp-content\/uploads\/2026\/03\/Colaboradores_ALIOLA-1011x1024.jpg\" alt=\"\" class=\"wp-image-20785\" style=\"aspect-ratio:0.987799500220491;width:708px;height:auto\" srcset=\"https:\/\/easda.es\/wp-content\/uploads\/2026\/03\/Colaboradores_ALIOLA-1011x1024.jpg 1011w, https:\/\/easda.es\/wp-content\/uploads\/2026\/03\/Colaboradores_ALIOLA-296x300.jpg 296w, https:\/\/easda.es\/wp-content\/uploads\/2026\/03\/Colaboradores_ALIOLA-768x777.jpg 768w, https:\/\/easda.es\/wp-content\/uploads\/2026\/03\/Colaboradores_ALIOLA-1517x1536.jpg 1517w\" sizes=\"auto, (max-width: 1011px) 100vw, 1011px\" \/><\/figure>\n<\/div>\n\n\n<div style=\"height:27px\" aria-hidden=\"true\" class=\"wp-block-spacer\"><\/div>\n\n\n\n<hr class=\"wp-block-separator has-alpha-channel-opacity\"\/>\n\n\n\n<p class=\"has-text-color has-link-color wp-elements-240be2ca0fa816e1c62f675cad64f8a6\" style=\"color:#e73838\"><\/p>\n\n\n\n<div style=\"height:14px\" aria-hidden=\"true\" class=\"wp-block-spacer\"><\/div>\n\n\n\n<p class=\"has-text-color has-link-color wp-elements-ad8c39333319d85f857a442eecb942ca\" style=\"color:#e73838\"><strong>CR\u00d3NICA DE ALIOLA 2026<\/strong><\/p>\n\n\n\n<p class=\"has-text-color has-link-color wp-elements-240be2ca0fa816e1c62f675cad64f8a6\" style=\"color:#e73838\"><\/p>\n\n\n\n<div style=\"height:14px\" aria-hidden=\"true\" class=\"wp-block-spacer\"><\/div>\n\n\n\n<p class=\"has-text-color has-link-color wp-elements-50cb072eadc6746f5faee6fe10b0bc3b\" style=\"color:#e73838\"><strong>D\u00cdA 1<\/strong> <\/p>\n\n\n\n<p>Cr\u00f3nica del d\u00eda 1 <a href=\"https:\/\/easda.es\/?p=20835\">(+)<\/a><\/p>\n\n\n<div class=\"wp-block-image\">\n<figure class=\"aligncenter size-large is-resized\"><img loading=\"lazy\" decoding=\"async\" width=\"1024\" height=\"682\" src=\"https:\/\/easda.es\/wp-content\/uploads\/2026\/03\/BLOG_CronicaDia1-1024x682.jpg\" alt=\"\" class=\"wp-image-20876\" style=\"aspect-ratio:1.501508211373031;width:686px;height:auto\" srcset=\"https:\/\/easda.es\/wp-content\/uploads\/2026\/03\/BLOG_CronicaDia1-1024x682.jpg 1024w, https:\/\/easda.es\/wp-content\/uploads\/2026\/03\/BLOG_CronicaDia1-300x200.jpg 300w, https:\/\/easda.es\/wp-content\/uploads\/2026\/03\/BLOG_CronicaDia1-768x511.jpg 768w, https:\/\/easda.es\/wp-content\/uploads\/2026\/03\/BLOG_CronicaDia1.jpg 1298w\" sizes=\"auto, (max-width: 1024px) 100vw, 1024px\" \/><\/figure>\n<\/div>\n\n\n<div style=\"height:28px\" aria-hidden=\"true\" class=\"wp-block-spacer\"><\/div>\n\n\n\n<p class=\"has-text-color has-link-color wp-elements-547c42fd25acab2ce6122ea94ba3c623\" style=\"color:#e73838\"><strong>D\u00cdA 2<\/strong><\/p>\n\n\n\n<p>Cr\u00f3nica del d\u00eda 2 <a href=\"https:\/\/easda.es\/?p=20907\" data-type=\"link\" data-id=\"https:\/\/easda.es\/?p=20907\">(+)<\/a><\/p>\n\n\n<div class=\"wp-block-image\">\n<figure class=\"aligncenter size-full is-resized\"><img loading=\"lazy\" decoding=\"async\" width=\"1024\" height=\"733\" src=\"https:\/\/easda.es\/wp-content\/uploads\/2026\/03\/01_RafaelBonet_AliOlaD2.jpg\" alt=\"\" class=\"wp-image-20912\" style=\"aspect-ratio:1.502327294645548;width:683px;height:auto\" srcset=\"https:\/\/easda.es\/wp-content\/uploads\/2026\/03\/01_RafaelBonet_AliOlaD2.jpg 1024w, https:\/\/easda.es\/wp-content\/uploads\/2026\/03\/01_RafaelBonet_AliOlaD2-300x215.jpg 300w, https:\/\/easda.es\/wp-content\/uploads\/2026\/03\/01_RafaelBonet_AliOlaD2-768x550.jpg 768w\" sizes=\"auto, (max-width: 1024px) 100vw, 1024px\" \/><\/figure>\n<\/div>\n\n\n<p><\/p>\n","protected":false},"excerpt":{"rendered":"<p>[vc_row][vc_column][vc_row_inner][vc_column_inner] \ud83d\udc99&nbsp;Aliola 2026 \ud83d\udcc5&nbsp;10 y 11 de Marzo \ud83d\udccdADDA, Auditorio de la Diputaci\u00f3n de Alicante (Alicante) \ud83c\udf9f&nbsp;Reserva tus entradas en eventbrite Aliola, las jornadas de Dise\u00f1o de la Escuela de Arte y Superior de Dise\u00f1o de Alicante, son dos d\u00edas [&hellip;]<\/p>\n","protected":false},"author":8,"featured_media":0,"parent":0,"menu_order":0,"comment_status":"closed","ping_status":"closed","template":"","meta":{"footnotes":""},"class_list":["post-20320","page","type-page","status-publish","hentry"],"_links":{"self":[{"href":"https:\/\/easda.es\/index.php?rest_route=\/wp\/v2\/pages\/20320","targetHints":{"allow":["GET"]}}],"collection":[{"href":"https:\/\/easda.es\/index.php?rest_route=\/wp\/v2\/pages"}],"about":[{"href":"https:\/\/easda.es\/index.php?rest_route=\/wp\/v2\/types\/page"}],"author":[{"embeddable":true,"href":"https:\/\/easda.es\/index.php?rest_route=\/wp\/v2\/users\/8"}],"replies":[{"embeddable":true,"href":"https:\/\/easda.es\/index.php?rest_route=%2Fwp%2Fv2%2Fcomments&post=20320"}],"version-history":[{"count":62,"href":"https:\/\/easda.es\/index.php?rest_route=\/wp\/v2\/pages\/20320\/revisions"}],"predecessor-version":[{"id":20955,"href":"https:\/\/easda.es\/index.php?rest_route=\/wp\/v2\/pages\/20320\/revisions\/20955"}],"wp:attachment":[{"href":"https:\/\/easda.es\/index.php?rest_route=%2Fwp%2Fv2%2Fmedia&parent=20320"}],"curies":[{"name":"wp","href":"https:\/\/api.w.org\/{rel}","templated":true}]}}