{"id":18220,"date":"2025-03-12T09:22:49","date_gmt":"2025-03-12T08:22:49","guid":{"rendered":"https:\/\/easda.es\/?page_id=18220"},"modified":"2025-03-12T09:24:40","modified_gmt":"2025-03-12T08:24:40","slug":"exencion-practicas-en-ciclos","status":"publish","type":"page","link":"https:\/\/easda.es\/?page_id=18220","title":{"rendered":"Exenci\u00f3n Pr\u00e1cticas en Ciclos"},"content":{"rendered":"<p>[vc_row][vc_column][vc_row_inner][vc_column_inner]<div class=\"qodef-section-title-holder  qodef-st-standard qodef-st-title-left qodef-st-normal-space \" >\n\t<div class=\"qodef-st-inner\">\n\t\t\t\t\t<h2 class=\"qodef-st-title\" >\n\t\t\t\tExenci\u00f3n pr\u00e1cticas en Ciclos\t\t\t<\/h2>\n\t\t\t\t\t<\/div>\n<\/div>[vc_empty_space height=\u00bb24px\u00bb][vc_column_text]<\/p>\n<p><strong>EXENCI\u00d3N DEL M\u00d3DULO FCT<\/strong><\/p>\n<p><strong>Forma y plazo<\/strong><\/p>\n<p style=\"font-weight: 400;\">A \u00a0trav\u00e9s del siguiente <a href=\"https:\/\/easda.es\/wp-content\/uploads\/2025\/03\/EXENCION_Solicitud-exencion-FCT-ALUMNO.pdf\">formulario<\/a> y posterior\u00a0registro del mismo en\u00a0 Administraci\u00f3n.<\/p>\n<p style=\"font-weight: 400;\">Deber\u00e1 registrar su solicitud con \u00a0una antelaci\u00f3n m\u00ednima de 30 d\u00edas h\u00e1biles al inicio previsto del periodo ordinario de realizaci\u00f3n de las pr\u00e1cticas.<\/p>\n<p style=\"font-weight: 400;\">[vc_empty_space height=\u00bb24px\u00bb]<\/p>\n<p><span style=\"color: #808080;\"><b>Documentaci\u00f3n a presentar<\/b><\/span><\/p>\n<p style=\"font-weight: 400;\">En el formulario se detalla la documentaci\u00f3n requerida que se debe adjuntar al registro del mismo seg\u00fan la pr\u00e1ctica laboral \u00a0que se disponga.<\/p>\n<p>[\/vc_column_text][\/vc_column_inner][\/vc_row_inner][\/vc_column][\/vc_row][vc_row][vc_column][vc_empty_space height=\u00bb48px\u00bb][\/vc_column][\/vc_row]<\/p>\n","protected":false},"excerpt":{"rendered":"<p>[vc_row][vc_column][vc_row_inner][vc_column_inner][vc_empty_space height=\u00bb24px\u00bb][vc_column_text] EXENCI\u00d3N DEL M\u00d3DULO FCT Forma y plazo A \u00a0trav\u00e9s del siguiente formulario y posterior\u00a0registro del mismo en\u00a0 Administraci\u00f3n. Deber\u00e1 registrar su solicitud con \u00a0una antelaci\u00f3n m\u00ednima de 30 d\u00edas h\u00e1biles al inicio previsto del periodo ordinario de realizaci\u00f3n [&hellip;]<\/p>\n","protected":false},"author":8,"featured_media":0,"parent":5589,"menu_order":0,"comment_status":"closed","ping_status":"closed","template":"","meta":{"footnotes":""},"class_list":["post-18220","page","type-page","status-publish","hentry"],"_links":{"self":[{"href":"https:\/\/easda.es\/index.php?rest_route=\/wp\/v2\/pages\/18220","targetHints":{"allow":["GET"]}}],"collection":[{"href":"https:\/\/easda.es\/index.php?rest_route=\/wp\/v2\/pages"}],"about":[{"href":"https:\/\/easda.es\/index.php?rest_route=\/wp\/v2\/types\/page"}],"author":[{"embeddable":true,"href":"https:\/\/easda.es\/index.php?rest_route=\/wp\/v2\/users\/8"}],"replies":[{"embeddable":true,"href":"https:\/\/easda.es\/index.php?rest_route=%2Fwp%2Fv2%2Fcomments&post=18220"}],"version-history":[{"count":8,"href":"https:\/\/easda.es\/index.php?rest_route=\/wp\/v2\/pages\/18220\/revisions"}],"predecessor-version":[{"id":18297,"href":"https:\/\/easda.es\/index.php?rest_route=\/wp\/v2\/pages\/18220\/revisions\/18297"}],"up":[{"embeddable":true,"href":"https:\/\/easda.es\/index.php?rest_route=\/wp\/v2\/pages\/5589"}],"wp:attachment":[{"href":"https:\/\/easda.es\/index.php?rest_route=%2Fwp%2Fv2%2Fmedia&parent=18220"}],"curies":[{"name":"wp","href":"https:\/\/api.w.org\/{rel}","templated":true}]}}

Exención Prácticas en Ciclos

<p>[vc_row][vc_column][vc_row_inner][vc_column_inner]<div class="qodef-section-title-holder  qodef-st-standard qodef-st-title-left qodef-st-normal-space " >
	<div class="qodef-st-inner">
					<h2 class="qodef-st-title" >
				Exención prácticas en Ciclos			</h2>
					</div>
</div>[vc_empty_space height=»24px»][vc_column_text]</p>
<p><strong>EXENCIÓN DEL MÓDULO FCT</strong></p>
<p><strong>Forma y plazo</strong></p>
<p style="font-weight: 400;">A  través del siguiente <a href="https://easda.es/wp-content/uploads/2025/03/EXENCION_Solicitud-exencion-FCT-ALUMNO.pdf">formulario</a> y posterior registro del mismo en  Administración.</p>
<p style="font-weight: 400;">Deberá registrar su solicitud con  una antelación mínima de 30 días hábiles al inicio previsto del periodo ordinario de realización de las prácticas.</p>
<p style="font-weight: 400;">[vc_empty_space height=»24px»]</p>
<p><span style="color: #808080;"><b>Documentación a presentar</b></span></p>
<p style="font-weight: 400;">En el formulario se detalla la documentación requerida que se debe adjuntar al registro del mismo según la práctica laboral  que se disponga.</p>
<p>[/vc_column_text][/vc_column_inner][/vc_row_inner][/vc_column][/vc_row][vc_row][vc_column][vc_empty_space height=»48px»][/vc_column][/vc_row]</p>

<p>[vc_row][vc_column][vc_row_inner][vc_column_inner][vc_empty_space height=»24px»][vc_column_text] EXENCIÓN DEL MÓDULO FCT Forma y plazo A  través del siguiente formulario y posterior registro del mismo en  Administración. Deberá registrar su solicitud con  una antelación mínima de 30 días hábiles al inicio previsto del periodo ordinario de realización [&hellip;]</p>
