{"id":17220,"date":"2024-10-03T13:10:55","date_gmt":"2024-10-03T11:10:55","guid":{"rendered":"https:\/\/easda.es\/?page_id=17220"},"modified":"2025-09-10T10:56:22","modified_gmt":"2025-09-10T08:56:22","slug":"inteligencia-artificial-para-el-diseno","status":"publish","type":"page","link":"https:\/\/easda.es\/?page_id=17220","title":{"rendered":"Inteligencia Artificial para el dise\u00f1o"},"content":{"rendered":"<p>[vc_row][vc_column]<div class=\"avt_masterslider_el \" >\n\t\t<!-- MasterSlider -->\n\t\t<div id=\"P_MS69e095a91218f\" class=\"master-slider-parent msl ms-parent-id-67\" style=\"max-width:800px;\">\n\n\t\t\t\n\t\t\t<!-- MasterSlider Main -->\n\t\t\t<div id=\"MS69e095a91218f\" class=\"master-slider ms-skin-default\" >\n\t\t\t\t \t\t\t\t \n\t\t\t\t<div  class=\"ms-slide\" data-delay=\"3\" data-fill-mode=\"fill\"  >\n\t\t\t\t\t<img decoding=\"async\" src=\"https:\/\/easda.es\/wp-content\/plugins\/master-slider\/public\/assets\/css\/blank.gif\" alt=\"\" title=\"\" data-src=\"https:\/\/easda.es\/wp-content\/uploads\/2024\/10\/Masterslider_IAParaDiseno.jpg\" \/>\n\n\n\t<div class=\"ms-thumb\" ><div class=\"ms-tab-context\"><div class=\"&quot;ms-tab-context&quot;\"><\/div><\/div>\n<\/div>\n\t\t\t\t<\/div>\n\n\t\t\t<\/div>\n\t\t\t<!-- END MasterSlider Main -->\n\n\t\t\t \n\t\t<\/div>\n\t\t<!-- END MasterSlider -->\n\n\t\t<script>\n\t\t(function ( $ ) {\n\t\t\t\"use strict\";\n\n\t\t\t$(function () {\n\t\t\t\tvar masterslider_218f = new MasterSlider();\n\n\t\t\t\t\/\/ slider controls\n\n\t\t\t\t\/\/ slider setup\n\t\t\t\tmasterslider_218f.setup(\"MS69e095a91218f\", {\n\t\t\t\t\t\twidth           : 1200,\n\t\t\t\t\t\theight          : 600,\n\t\t\t\t\t\tminHeight       : 0,\n\t\t\t\t\t\tspace           : 0,\n\t\t\t\t\t\tstart           : 1,\n\t\t\t\t\t\tgrabCursor      : true,\n\t\t\t\t\t\tswipe           : true,\n\t\t\t\t\t\tmouse           : true,\n\t\t\t\t\t\tlayout          : \"boxed\",\n\t\t\t\t\t\twheel           : false,\n\t\t\t\t\t\tautoplay        : true,\n\t\t\t\t\t\tinstantStartLayers:false,\n\t\t\t\t\t\tloop            : true,\n\t\t\t\t\t\tshuffle         : false,\n\t\t\t\t\t\tpreload         : 0,\n\t\t\t\t\t\theightLimit     : true,\n\t\t\t\t\t\tautoHeight      : false,\n\t\t\t\t\t\tsmoothHeight    : true,\n\t\t\t\t\t\tendPause        : false,\n\t\t\t\t\t\toverPause       : false,\n\t\t\t\t\t\tfillMode        : \"fill\",\n\t\t\t\t\t\tcenterControls  : true,\n\t\t\t\t\t\tstartOnAppear   : false,\n\t\t\t\t\t\tlayersMode      : \"center\",\n\t\t\t\t\t\thideLayers      : false,\n\t\t\t\t\t\tfullscreenMargin: 0,\n\t\t\t\t\t\tspeed           : 20,\n\t\t\t\t\t\tdir             : \"h\",\n\t\t\t\t\t\tparallaxMode    : 'swipe',\n\t\t\t\t\t\tview            : \"fade\"\n\t\t\t\t});\n\n\t\t\t\t\n\t\t\t\twindow.masterslider_instances = window.masterslider_instances || [];\n\t\t\t\twindow.masterslider_instances.push( masterslider_218f );\n\t\t\t });\n\n\t\t})(jQuery);\n\t\t<\/script>\n\n<\/div>[vc_empty_space]<div class=\"qodef-section-title-holder  qodef-st-standard qodef-st-title-left qodef-st-normal-space \" >\n\t<div class=\"qodef-st-inner\">\n\t\t\t\t\t<h2 class=\"qodef-st-title\" >\n\t\t\t\tInteligencia Artificial para el dise\u00f1o\t\t\t<\/h2>\n\t\t\t\t\t<\/div>\n<\/div>[vc_empty_space][vc_column_text]<\/p>\n<div>\n<p>En esta optativa exploramos c\u00f3mo la IA puede transformar el proceso creativo y ofrecer nuevas herramientas para los dise\u00f1adores\/as actuales.<\/p>\n<p>La Inteligencia Artificial Generativa permite a los dise\u00f1adores\/as crear de manera m\u00e1s eficiente generando m\u00faltiples opciones de dise\u00f1o en poco tiempo. Durante el curso aprenderemos a utilizar herramientas de IA para generar patrones, formas y conceptos \u00fanicos. \u00c9stas herramientas pueden ayudar a superar bloqueos creativos y ofrecer nuevas perspectivas en el proceso de dise\u00f1o.<\/p>\n<p>Adem\u00e1s discutiremos las implicaciones \u00e9ticas del uso de la IA en el dise\u00f1o. Es crucial entender c\u00f3mo estas herramientas pueden afectar la originalidad y la propiedad intelectual en el \u00e1mbito creativo.<\/p>\n<p>El alumnado tendr\u00e1 la oportunidad de trabajar en proyectos pr\u00e1cticos con IAG para resolver problemas reales de dise\u00f1o. Eso les permitir\u00e1 experimentar de primera mano los beneficios y desaf\u00edos de utilizar la IAG en su trabajo.<\/p>\n<p>Estudiaremos casos de estudio de empresas que ya est\u00e1n usando la IAG en sus procesos de dise\u00f1o. \u00c9stos ejemplos proporcionar\u00e1n una visi\u00f3n clara de c\u00f3mo la tecnolog\u00eda est\u00e1 revolucionando la industria del dise\u00f1o.<\/p>\n<p>Al final del curso el alumnado estar\u00e1 equipado con las habilidades necesarias para incorporar la IA en sus proyectos de dise\u00f1o. Esto les dar\u00e1 una ventaja competitiva en el mercado laboral actual d\u00f3nde el uso de \u00e9sta nueva tecnolog\u00eda es clave.<\/p>\n<p>Esperamos que esta asignatura ayude a los estudiantes a explorar nuevas fronteras en el dise\u00f1o con la ayuda de la IA. La combinaci\u00f3n de creatividad humana y tecnolog\u00eda avanzada promete un futuro emocionante para el dise\u00f1o.<\/p>\n<h5><strong>Imparte la asignatura<\/strong><\/h5>\n<p>Curso escolar 2025\/2026: Javier Rico [\/vc_column_text][\/vc_column][\/vc_row]<\/p>\n<\/div>\n","protected":false},"excerpt":{"rendered":"<p>[vc_row][vc_column][vc_empty_space][vc_empty_space][vc_column_text] En esta optativa exploramos c\u00f3mo la IA puede transformar el proceso creativo y ofrecer nuevas herramientas para los dise\u00f1adores\/as actuales. La Inteligencia Artificial Generativa permite a los dise\u00f1adores\/as crear de manera m\u00e1s eficiente generando m\u00faltiples opciones de dise\u00f1o en [&hellip;]<\/p>\n","protected":false},"author":8,"featured_media":0,"parent":0,"menu_order":0,"comment_status":"closed","ping_status":"closed","template":"","meta":{"footnotes":""},"class_list":["post-17220","page","type-page","status-publish","hentry"],"_links":{"self":[{"href":"https:\/\/easda.es\/index.php?rest_route=\/wp\/v2\/pages\/17220","targetHints":{"allow":["GET"]}}],"collection":[{"href":"https:\/\/easda.es\/index.php?rest_route=\/wp\/v2\/pages"}],"about":[{"href":"https:\/\/easda.es\/index.php?rest_route=\/wp\/v2\/types\/page"}],"author":[{"embeddable":true,"href":"https:\/\/easda.es\/index.php?rest_route=\/wp\/v2\/users\/8"}],"replies":[{"embeddable":true,"href":"https:\/\/easda.es\/index.php?rest_route=%2Fwp%2Fv2%2Fcomments&post=17220"}],"version-history":[{"count":11,"href":"https:\/\/easda.es\/index.php?rest_route=\/wp\/v2\/pages\/17220\/revisions"}],"predecessor-version":[{"id":19586,"href":"https:\/\/easda.es\/index.php?rest_route=\/wp\/v2\/pages\/17220\/revisions\/19586"}],"wp:attachment":[{"href":"https:\/\/easda.es\/index.php?rest_route=%2Fwp%2Fv2%2Fmedia&parent=17220"}],"curies":[{"name":"wp","href":"https:\/\/api.w.org\/{rel}","templated":true}]}}