{"id":14345,"date":"2023-04-24T14:12:10","date_gmt":"2023-04-24T12:12:10","guid":{"rendered":"https:\/\/easda.es\/?page_id=14345"},"modified":"2025-09-05T10:10:26","modified_gmt":"2025-09-05T08:10:26","slug":"contenidos-del-cfgs-en-fotografia","status":"publish","type":"page","link":"https:\/\/easda.es\/?page_id=14345","title":{"rendered":"Contenidos del CFGS en Fotograf\u00eda"},"content":{"rendered":"<p>[vc_row][vc_column][vc_row_inner][vc_column_inner]<div class=\"qodef-section-title-holder  qodef-st-standard qodef-st-title-left qodef-st-normal-space \" >\n\t<div class=\"qodef-st-inner\">\n\t\t\t\t\t<h2 class=\"qodef-st-title\" >\n\t\t\t\tContenidos del CFGS en Fotograf\u00eda\t\t\t<\/h2>\n\t\t\t\t\t<\/div>\n<\/div>[vc_empty_space][\/vc_column_inner][\/vc_row_inner][vc_row_inner][vc_column_inner]<h3 class=\"qodef-custom-font-holder  qodef-cf-9278\"  data-item-class=\"qodef-cf-9278\">\n\t<\/h3>[vc_empty_space height=\u00bb24px\u00bb]<\/p>\n<h3>Curso 1\u00ba<\/h3>\n<p>Fundamentos de la representaci\u00f3n y la expresi\u00f3n visual<br \/>\nTeor\u00eda de la imagen<br \/>\nMedios inform\u00e1ticos<br \/>\nTeor\u00eda fotogr\u00e1fica<br \/>\nT\u00e9cnica fotogr\u00e1fica<br \/>\nLenguaje y tecnolog\u00eda audiovisual<br \/>\nProyectos de fotograf\u00eda<br \/>\nFormaci\u00f3n y orientaci\u00f3n laboral<br \/>\nIdioma extranjero<\/p>\n<p>[vc_empty_space height=\u00bb48px\u00bb]<\/p>\n<h3>Curso 2\u00ba<\/h3>\n<p>Historia de la fotograf\u00eda<br \/>\nTeor\u00eda fotogr\u00e1fica<br \/>\nT\u00e9cnica fotogr\u00e1fica<br \/>\nLenguaje y tecnolog\u00eda audiovisual<br \/>\nProyectos de fotograf\u00eda<br \/>\nProyecto Integrado<br \/>\nEmpresa e iniciativa emprendedora<br \/>\nIdioma extranjero<\/p>\n<p>&nbsp;<\/p>\n<p><a href=\"https:\/\/easda.es\/wp-content\/uploads\/2025\/09\/PD_FOT.pdf\" rel=\"noopener\">Programaciones Did\u00e1cticas CFGS FOTOGRAF\u00cdA<\/a><\/p>\n<p>[vc_empty_space height=\u00bb48px\u00bb][\/vc_column_inner][\/vc_row_inner][\/vc_column][\/vc_row]<\/p>\n","protected":false},"excerpt":{"rendered":"<p>[vc_row][vc_column][vc_row_inner][vc_column_inner][vc_empty_space][\/vc_column_inner][\/vc_row_inner][vc_row_inner][vc_column_inner][vc_empty_space height=\u00bb24px\u00bb] Curso 1\u00ba Fundamentos de la representaci\u00f3n y la expresi\u00f3n visual Teor\u00eda de la imagen Medios inform\u00e1ticos Teor\u00eda fotogr\u00e1fica T\u00e9cnica fotogr\u00e1fica Lenguaje y tecnolog\u00eda audiovisual Proyectos de fotograf\u00eda Formaci\u00f3n y orientaci\u00f3n laboral Idioma extranjero [vc_empty_space height=\u00bb48px\u00bb] Curso 2\u00ba Historia [&hellip;]<\/p>\n","protected":false},"author":8,"featured_media":0,"parent":2842,"menu_order":0,"comment_status":"closed","ping_status":"closed","template":"","meta":{"footnotes":""},"class_list":["post-14345","page","type-page","status-publish","hentry"],"_links":{"self":[{"href":"https:\/\/easda.es\/index.php?rest_route=\/wp\/v2\/pages\/14345","targetHints":{"allow":["GET"]}}],"collection":[{"href":"https:\/\/easda.es\/index.php?rest_route=\/wp\/v2\/pages"}],"about":[{"href":"https:\/\/easda.es\/index.php?rest_route=\/wp\/v2\/types\/page"}],"author":[{"embeddable":true,"href":"https:\/\/easda.es\/index.php?rest_route=\/wp\/v2\/users\/8"}],"replies":[{"embeddable":true,"href":"https:\/\/easda.es\/index.php?rest_route=%2Fwp%2Fv2%2Fcomments&post=14345"}],"version-history":[{"count":8,"href":"https:\/\/easda.es\/index.php?rest_route=\/wp\/v2\/pages\/14345\/revisions"}],"predecessor-version":[{"id":19499,"href":"https:\/\/easda.es\/index.php?rest_route=\/wp\/v2\/pages\/14345\/revisions\/19499"}],"up":[{"embeddable":true,"href":"https:\/\/easda.es\/index.php?rest_route=\/wp\/v2\/pages\/2842"}],"wp:attachment":[{"href":"https:\/\/easda.es\/index.php?rest_route=%2Fwp%2Fv2%2Fmedia&parent=14345"}],"curies":[{"name":"wp","href":"https:\/\/api.w.org\/{rel}","templated":true}]}}

Contenidos del CFGS en Fotografía

<p>[vc_row][vc_column][vc_row_inner][vc_column_inner]<div class="qodef-section-title-holder  qodef-st-standard qodef-st-title-left qodef-st-normal-space " >
	<div class="qodef-st-inner">
					<h2 class="qodef-st-title" >
				Contenidos del CFGS en Fotografía			</h2>
					</div>
</div>[vc_empty_space][/vc_column_inner][/vc_row_inner][vc_row_inner][vc_column_inner]<h3 class="qodef-custom-font-holder  qodef-cf-9278"  data-item-class="qodef-cf-9278">
	</h3>[vc_empty_space height=»24px»]</p>
<h3>Curso 1º</h3>
<p>Fundamentos de la representación y la expresión visual<br />
Teoría de la imagen<br />
Medios informáticos<br />
Teoría fotográfica<br />
Técnica fotográfica<br />
Lenguaje y tecnología audiovisual<br />
Proyectos de fotografía<br />
Formación y orientación laboral<br />
Idioma extranjero</p>
<p>[vc_empty_space height=»48px»]</p>
<h3>Curso 2º</h3>
<p>Historia de la fotografía<br />
Teoría fotográfica<br />
Técnica fotográfica<br />
Lenguaje y tecnología audiovisual<br />
Proyectos de fotografía<br />
Proyecto Integrado<br />
Empresa e iniciativa emprendedora<br />
Idioma extranjero</p>
<p>&nbsp;</p>
<p><a href="https://easda.es/wp-content/uploads/2025/09/PD_FOT.pdf" rel="noopener">Programaciones Didácticas CFGS FOTOGRAFÍA</a></p>
<p>[vc_empty_space height=»48px»][/vc_column_inner][/vc_row_inner][/vc_column][/vc_row]</p>

<p>[vc_row][vc_column][vc_row_inner][vc_column_inner][vc_empty_space][/vc_column_inner][/vc_row_inner][vc_row_inner][vc_column_inner][vc_empty_space height=»24px»] Curso 1º Fundamentos de la representación y la expresión visual Teoría de la imagen Medios informáticos Teoría fotográfica Técnica fotográfica Lenguaje y tecnología audiovisual Proyectos de fotografía Formación y orientación laboral Idioma extranjero [vc_empty_space height=»48px»] Curso 2º Historia [&hellip;]</p>
