{"id":12134,"date":"2022-03-29T14:26:02","date_gmt":"2022-03-29T12:26:02","guid":{"rendered":"https:\/\/easda.es\/?page_id=12134"},"modified":"2026-03-25T09:18:58","modified_gmt":"2026-03-25T08:18:58","slug":"master-en-ensenanzas-artisticas-en-arte-y-diseno-para-realidades-extendidas-y-videojuegos","status":"publish","type":"page","link":"https:\/\/easda.es\/?page_id=12134","title":{"rendered":"M\u00e1ster en Ense\u00f1anzas Art\u00edsticas en Arte y Dise\u00f1o para Realidades Extendidas y Videojuegos"},"content":{"rendered":"<div class=\"qodef-section-title-holder  qodef-st-standard qodef-st-title-left qodef-st-normal-space \" >\n\t<div class=\"qodef-st-inner\">\n\t\t\t\t\t<h2 class=\"qodef-st-title\" >\n\t\t\t\tM\u00e1ster en Ense\u00f1anzas Art\u00edsticas en Arte y Dise\u00f1o para Realidades Extendidas y Videojuegos\t\t\t<\/h2>\n\t\t\t\t\t<\/div>\n<\/div>[vc_empty_space height=\u00bb40px\u00bb][vc_column_text]<\/p>\n<p><iframe loading=\"lazy\" title=\"YouTube video player\" src=\"https:\/\/www.youtube.com\/embed\/GxVLV1kcpXw?si=ZPS7d2joyu_Uw0Gd\" width=\"560\" height=\"315\" frameborder=\"0\" allowfullscreen=\"allowfullscreen\"><\/iframe><\/p>\n<p>[vc_empty_space height=\u00bb20px\u00bb]<\/p>\n<hr \/>\n<p><span style=\"color: #ff0000;\"><strong>T\u00edtulo:\u00a0<\/strong><\/span> M\u00e1ster en Ense\u00f1anzas Art\u00edsticas en Arte y Dise\u00f1o para Realidades Extendidas y Videojuegos<\/p>\n<p><span style=\"color: #ff0000;\"><strong>Cr\u00e9ditos:<\/strong><\/span>\u00a060 ECTS<\/p>\n<p><span style=\"color: #ff0000;\"><strong>Duraci\u00f3n:<\/strong><\/span> 1 curso (2 semestres)<\/p>\n<p><span style=\"color: #ff0000;\"><strong>Modalidad:<\/strong><\/span>\u00a0presencial<\/p>\n<p><span style=\"color: #ff0000;\"><strong>Plazas de nuevo ingreso:<\/strong><\/span>\u00a010<\/p>\n<p><span style=\"color: #ff0000;\"><strong>Idioma en el que se imparte:<\/strong>\u00a0<\/span>espa\u00f1ol<\/p>\n<p><span style=\"color: #ff0000;\"><strong>Orientaci\u00f3n del t\u00edtulo:<\/strong><\/span>\u00a0profesional<\/p>\n<p><span style=\"color: #ff0000;\"><strong>Centro de Gesti\u00f3n:<\/strong><\/span>\u00a0EASDA<\/p>\n<p><span style=\"color: #ff0000;\"><strong>Precio:<\/strong> <\/span><strong>1.702,2\u20ac<\/strong> (este precio podr\u00e1 variar en funci\u00f3n de las tasas oficiales que se actualizan anualmente)<\/p>\n<div class=\"page\" title=\"Page 10\">\n<div class=\"section\">\n<div class=\"layoutArea\">\n<div class=\"column\">\n<hr \/>\n<p>[vc_empty_space height=\u00bb20px\u00bb]<\/p>\n<p><span style=\"font-weight: 400;\">Este m\u00e1ster est\u00e1 orientado al dise\u00f1o y creaci\u00f3n de aplicaciones de videojuegos y realidades extendidas, con una evidente orientaci\u00f3n art\u00edstica. Se\u00a0 adquirir\u00e1n\u00a0 competencias en el \u00e1rea de dise\u00f1o de videojuegos, colocando el \u00e9nfasis en la fase de dise\u00f1o, creaci\u00f3n art\u00edstica y estudio de aspectos relacionados con la jugabilidad y la interacci\u00f3n del sistema con el usuario.<\/span><\/p>\n<p><span style=\"font-weight: 400;\">Los videojuegos no solo nos permiten imaginar otras realidades sino que nos permite interactuar con ellas a trav\u00e9s de una nueva y emocionante tecnolog\u00eda como es la realidad extendida.<\/span><\/p>\n<p><span style=\"font-weight: 400;\">Se desarrollan materias de car\u00e1cter obligatorio que ser\u00e1n indispensables para tener una base de conocimientos s\u00f3lida como dise\u00f1ador\/a de videojuegos. Mediante asignaturas optativas el alumnado podr\u00e1 orientar sus estudios hacia el \u00e1rea de dise\u00f1o, arte o tecnolog\u00eda que mejor se adapte a su inter\u00e9s.<\/span><\/p>\n<p><span style=\"font-weight: 400;\">Las ense\u00f1anzas de Posgrado en Dise\u00f1o se encuentran en el nivel 3 del MECES (<\/span><span style=\"font-weight: 400;\">Marco Espa\u00f1ol de Cualificaci\u00f3n para la Educaci\u00f3n Superior<\/span><span style=\"font-weight: 400;\">). <strong>El t\u00edtulo oficial de M\u00e1ster est\u00e1 aprobado por la <\/strong><\/span><b>Agencia Nacional de Evaluaci\u00f3n de la Calidad y Acreditaci\u00f3n <\/b>(<span style=\"font-weight: 400;\">ANECA), consta de 60 cr\u00e9ditos ECTS. Incluye 250 horas de pr\u00e1cticas lectivas en empresa. Perteneciendo al EEES.<\/span><\/p>\n<p>[vc_empty_space height=\u00bb16px\u00bb]<\/p>\n<p>[vc_row css_animation=\u00bbfadeIn\u00bb][vc_column]<div class=\"avt_masterslider_el \" >\n\t\t<!-- MasterSlider -->\n\t\t<div id=\"P_MS69e062c6cdb96\" class=\"master-slider-parent msl ms-parent-id-59\" style=\"max-width:800px;\">\n\n\t\t\t\n\t\t\t<!-- MasterSlider Main -->\n\t\t\t<div id=\"MS69e062c6cdb96\" class=\"master-slider ms-skin-default\" >\n\t\t\t\t \t\t\t\t \n\t\t\t\t<div  class=\"ms-slide\" data-delay=\"3\" data-fill-mode=\"fill\"  >\n\t\t\t\t\t<img decoding=\"async\" src=\"https:\/\/easda.es\/wp-content\/plugins\/master-slider\/public\/assets\/css\/blank.gif\" alt=\"\" title=\"\" data-src=\"https:\/\/easda.es\/wp-content\/uploads\/2024\/07\/Master_1.jpg\" \/>\n\n\n\t<div class=\"ms-thumb\" ><div class=\"ms-tab-context\"><div class=\"&quot;ms-tab-context&quot;\"><\/div><\/div>\n<\/div>\n\t\t\t\t<\/div>\n\t\t\t\t<div  class=\"ms-slide\" data-delay=\"3\" data-fill-mode=\"fill\"  >\n\t\t\t\t\t<img decoding=\"async\" src=\"https:\/\/easda.es\/wp-content\/plugins\/master-slider\/public\/assets\/css\/blank.gif\" alt=\"\" title=\"\" data-src=\"https:\/\/easda.es\/wp-content\/uploads\/2024\/07\/Master_2.jpg\" \/>\n\n\n\t<div class=\"ms-thumb\" ><div class=\"ms-tab-context\"><div class=\"&quot;ms-tab-context&quot;\"><\/div><\/div>\n<\/div>\n\t\t\t\t<\/div>\n\t\t\t\t<div  class=\"ms-slide\" data-delay=\"3\" data-fill-mode=\"fill\"  >\n\t\t\t\t\t<img decoding=\"async\" src=\"https:\/\/easda.es\/wp-content\/plugins\/master-slider\/public\/assets\/css\/blank.gif\" alt=\"\" title=\"\" data-src=\"https:\/\/easda.es\/wp-content\/uploads\/2024\/07\/Master_3.jpg\" \/>\n\n\n\t<div class=\"ms-thumb\" ><div class=\"ms-tab-context\"><div class=\"&quot;ms-tab-context&quot;\"><\/div><\/div>\n<\/div>\n\t\t\t\t<\/div>\n\t\t\t\t<div  class=\"ms-slide\" data-delay=\"3\" data-fill-mode=\"fill\"  >\n\t\t\t\t\t<img decoding=\"async\" src=\"https:\/\/easda.es\/wp-content\/plugins\/master-slider\/public\/assets\/css\/blank.gif\" alt=\"\" title=\"\" data-src=\"https:\/\/easda.es\/wp-content\/uploads\/2024\/07\/Master_4.jpg\" \/>\n\n\n\t<div class=\"ms-thumb\" ><div class=\"ms-tab-context\"><div class=\"&quot;ms-tab-context&quot;\"><\/div><\/div>\n<\/div>\n\t\t\t\t<\/div>\n\n\t\t\t<\/div>\n\t\t\t<!-- END MasterSlider Main -->\n\n\t\t\t \n\t\t<\/div>\n\t\t<!-- END MasterSlider -->\n\n\t\t<script>\n\t\t(function ( $ ) {\n\t\t\t\"use strict\";\n\n\t\t\t$(function () {\n\t\t\t\tvar masterslider_db96 = new MasterSlider();\n\n\t\t\t\t\/\/ slider controls\n\n\t\t\t\t\/\/ slider setup\n\t\t\t\tmasterslider_db96.setup(\"MS69e062c6cdb96\", {\n\t\t\t\t\t\twidth           : 1200,\n\t\t\t\t\t\theight          : 800,\n\t\t\t\t\t\tminHeight       : 0,\n\t\t\t\t\t\tspace           : 0,\n\t\t\t\t\t\tstart           : 1,\n\t\t\t\t\t\tgrabCursor      : true,\n\t\t\t\t\t\tswipe           : true,\n\t\t\t\t\t\tmouse           : true,\n\t\t\t\t\t\tlayout          : \"boxed\",\n\t\t\t\t\t\twheel           : false,\n\t\t\t\t\t\tautoplay        : true,\n\t\t\t\t\t\tinstantStartLayers:false,\n\t\t\t\t\t\tloop            : true,\n\t\t\t\t\t\tshuffle         : false,\n\t\t\t\t\t\tpreload         : 0,\n\t\t\t\t\t\theightLimit     : true,\n\t\t\t\t\t\tautoHeight      : false,\n\t\t\t\t\t\tsmoothHeight    : true,\n\t\t\t\t\t\tendPause        : false,\n\t\t\t\t\t\toverPause       : false,\n\t\t\t\t\t\tfillMode        : \"fill\",\n\t\t\t\t\t\tcenterControls  : true,\n\t\t\t\t\t\tstartOnAppear   : false,\n\t\t\t\t\t\tlayersMode      : \"center\",\n\t\t\t\t\t\thideLayers      : false,\n\t\t\t\t\t\tfullscreenMargin: 0,\n\t\t\t\t\t\tspeed           : 20,\n\t\t\t\t\t\tdir             : \"h\",\n\t\t\t\t\t\tparallaxMode    : 'swipe',\n\t\t\t\t\t\tview            : \"fade\"\n\t\t\t\t});\n\n\t\t\t\t\n\t\t\t\twindow.masterslider_instances = window.masterslider_instances || [];\n\t\t\t\twindow.masterslider_instances.push( masterslider_db96 );\n\t\t\t });\n\n\t\t})(jQuery);\n\t\t<\/script>\n\n<\/div>\n<p>[vc_empty_space height=\u00bb20px\u00bb]<\/p>\n<p><span style=\"color: #ff0000;\"><strong>Estar\u00e1s preparado\/a para:<\/strong><\/span><\/p>\n<p><span style=\"font-weight: 400;\">Ejercer profesionalmente como artista y dise\u00f1ador\/a de videojuegos con las siguientes funciones:<\/span><\/p>\n<ul>\n<li><span style=\"font-weight: 400;\"> Ejercer de responsable del dise\u00f1o del videojuego, documentaci\u00f3n e implementaci\u00f3n de la mec\u00e1nica de juegos l\u00fadicos y <\/span><i><span style=\"font-weight: 400;\">serious games<\/span><\/i><span style=\"font-weight: 400;\">.<\/span><\/li>\n<li><span style=\"font-weight: 400;\"> Organizar y coordinar equipos multidisciplinares para la producci\u00f3n de videojuegos, junto a otros\/as artistas y programadores\/ras.<\/span><\/li>\n<li><span style=\"font-weight: 400;\"> Establecer y desarrollar los niveles de juego y mec\u00e1nicas de juego.<\/span><\/li>\n<li><span style=\"font-weight: 400;\"> Idear y dise\u00f1ar interfaces de Usuario (UI).<\/span><\/li>\n<li>Desarrollar destrezas como artista conceptual para visualizar y planificar la apariencia de los mundos y personajes del juego en 2D\/3D, y realidades extendidas.<\/li>\n<\/ul>\n<p>Si tienes cualquier otra duda puedes ponerte en contacto con nosotros en el siguiente correo: <strong><a href=\"mailto:master.adrev@easda.es\" target=\"_blank\" rel=\"noreferrer noopener\">easdalacant.titols@iseacv.gva.es<\/a><\/strong><\/p>\n<\/div>\n<\/div>\n<\/div>\n<\/div>\n<p>[vc_empty_space height=\u00bb48px\u00bb]<\/p>\n","protected":false},"excerpt":{"rendered":"<p>[vc_empty_space height=\u00bb40px\u00bb][vc_column_text] [vc_empty_space height=\u00bb20px\u00bb] T\u00edtulo:\u00a0 M\u00e1ster en Ense\u00f1anzas Art\u00edsticas en Arte y Dise\u00f1o para Realidades Extendidas y Videojuegos Cr\u00e9ditos:\u00a060 ECTS Duraci\u00f3n: 1 curso (2 semestres) Modalidad:\u00a0presencial Plazas de nuevo ingreso:\u00a010 Idioma en el que se imparte:\u00a0espa\u00f1ol Orientaci\u00f3n del t\u00edtulo:\u00a0profesional Centro [&hellip;]<\/p>\n","protected":false},"author":8,"featured_media":0,"parent":2756,"menu_order":0,"comment_status":"closed","ping_status":"closed","template":"","meta":{"footnotes":""},"class_list":["post-12134","page","type-page","status-publish","hentry"],"_links":{"self":[{"href":"https:\/\/easda.es\/index.php?rest_route=\/wp\/v2\/pages\/12134","targetHints":{"allow":["GET"]}}],"collection":[{"href":"https:\/\/easda.es\/index.php?rest_route=\/wp\/v2\/pages"}],"about":[{"href":"https:\/\/easda.es\/index.php?rest_route=\/wp\/v2\/types\/page"}],"author":[{"embeddable":true,"href":"https:\/\/easda.es\/index.php?rest_route=\/wp\/v2\/users\/8"}],"replies":[{"embeddable":true,"href":"https:\/\/easda.es\/index.php?rest_route=%2Fwp%2Fv2%2Fcomments&post=12134"}],"version-history":[{"count":29,"href":"https:\/\/easda.es\/index.php?rest_route=\/wp\/v2\/pages\/12134\/revisions"}],"predecessor-version":[{"id":20948,"href":"https:\/\/easda.es\/index.php?rest_route=\/wp\/v2\/pages\/12134\/revisions\/20948"}],"up":[{"embeddable":true,"href":"https:\/\/easda.es\/index.php?rest_route=\/wp\/v2\/pages\/2756"}],"wp:attachment":[{"href":"https:\/\/easda.es\/index.php?rest_route=%2Fwp%2Fv2%2Fmedia&parent=12134"}],"curies":[{"name":"wp","href":"https:\/\/api.w.org\/{rel}","templated":true}]}}