{"id":12125,"date":"2022-03-29T14:25:40","date_gmt":"2022-03-29T12:25:40","guid":{"rendered":"https:\/\/easda.es\/?page_id=12125"},"modified":"2025-09-05T09:41:19","modified_gmt":"2025-09-05T07:41:19","slug":"asignaturas-del-master","status":"publish","type":"page","link":"https:\/\/easda.es\/?page_id=12125","title":{"rendered":"Asignaturas del M\u00e1ster"},"content":{"rendered":"<p>[vc_row][vc_column][vc_row_inner][vc_column_inner]<div class=\"qodef-section-title-holder  qodef-st-standard qodef-st-title-left qodef-st-normal-space \" >\n\t<div class=\"qodef-st-inner\">\n\t\t\t\t\t<h2 class=\"qodef-st-title\" >\n\t\t\t\tAsignaturas del M\u00e1ster\t\t\t<\/h2>\n\t\t\t\t\t<\/div>\n<\/div>[vc_empty_space][\/vc_column_inner][\/vc_row_inner][vc_row_inner][vc_column_inner][vc_column_text]<\/p>\n<ul>\n<li aria-level=\"1\">Planificaci\u00f3n y desarrollo de videojuegos (<span style=\"font-weight: 400;\">4ECTS)<\/span><\/li>\n<li aria-level=\"1\">Interfaces de Usuario (<span style=\"font-weight: 400;\">3ECTS)<\/span><\/li>\n<li aria-level=\"1\">Fundamentos para el desarrollo de videojuegos (<span style=\"font-weight: 400;\">3ECTS)<\/span><\/li>\n<li aria-level=\"1\">Mec\u00e1nica y Validaci\u00f3n del juego (<span style=\"font-weight: 400;\">5ECTS)<\/span><\/li>\n<li aria-level=\"1\">Arte conceptual y Dise\u00f1o visual (<span style=\"font-weight: 400;\">5ECTS)<\/span><\/li>\n<li aria-level=\"1\">Arte y Animaci\u00f3n 3D (<span style=\"font-weight: 400;\">5ECTS)<\/span><\/li>\n<li aria-level=\"1\">Arte y Animaci\u00f3n 2D (<span style=\"font-weight: 400;\">3ECTS)<\/span><\/li>\n<li aria-level=\"1\">Narrativa audiovisual Storytelling (<span style=\"font-weight: 400;\">4ECTS)<\/span><\/li>\n<li aria-level=\"1\">Seminarios (<span style=\"font-weight: 400;\">2ECTS)<\/span><\/li>\n<li aria-level=\"1\">Asignaturas optativas (<span style=\"font-weight: 400;\">8ECTS)<br \/><br \/><a href=\"https:\/\/easda.es\/wp-content\/uploads\/2025\/09\/GD_MASTER.pdf\" target=\"_blank\" rel=\"noopener\">Gu\u00edas Docentes Asignaturas M\u00e1ster<\/a><\/span><\/li>\n<\/ul>\n<p>[vc_empty_space height=\u00bb48px\u00bb]<\/p>\n\n\n<p><\/p>\n","protected":false},"excerpt":{"rendered":"<p>[vc_row][vc_column][vc_row_inner][vc_column_inner][vc_empty_space][\/vc_column_inner][\/vc_row_inner][vc_row_inner][vc_column_inner][vc_column_text] Planificaci\u00f3n y desarrollo de videojuegos (4ECTS) Interfaces de Usuario (3ECTS) Fundamentos para el desarrollo de videojuegos (3ECTS) Mec\u00e1nica y Validaci\u00f3n del juego (5ECTS) Arte conceptual y Dise\u00f1o visual (5ECTS) Arte y Animaci\u00f3n 3D (5ECTS) Arte y Animaci\u00f3n 2D (3ECTS) [&hellip;]<\/p>\n","protected":false},"author":8,"featured_media":0,"parent":2770,"menu_order":0,"comment_status":"closed","ping_status":"closed","template":"","meta":{"footnotes":""},"class_list":["post-12125","page","type-page","status-publish","hentry"],"_links":{"self":[{"href":"https:\/\/easda.es\/index.php?rest_route=\/wp\/v2\/pages\/12125","targetHints":{"allow":["GET"]}}],"collection":[{"href":"https:\/\/easda.es\/index.php?rest_route=\/wp\/v2\/pages"}],"about":[{"href":"https:\/\/easda.es\/index.php?rest_route=\/wp\/v2\/types\/page"}],"author":[{"embeddable":true,"href":"https:\/\/easda.es\/index.php?rest_route=\/wp\/v2\/users\/8"}],"replies":[{"embeddable":true,"href":"https:\/\/easda.es\/index.php?rest_route=%2Fwp%2Fv2%2Fcomments&post=12125"}],"version-history":[{"count":10,"href":"https:\/\/easda.es\/index.php?rest_route=\/wp\/v2\/pages\/12125\/revisions"}],"predecessor-version":[{"id":19475,"href":"https:\/\/easda.es\/index.php?rest_route=\/wp\/v2\/pages\/12125\/revisions\/19475"}],"up":[{"embeddable":true,"href":"https:\/\/easda.es\/index.php?rest_route=\/wp\/v2\/pages\/2770"}],"wp:attachment":[{"href":"https:\/\/easda.es\/index.php?rest_route=%2Fwp%2Fv2%2Fmedia&parent=12125"}],"curies":[{"name":"wp","href":"https:\/\/api.w.org\/{rel}","templated":true}]}}