{"id":10247,"date":"2021-02-05T20:42:47","date_gmt":"2021-02-05T19:42:47","guid":{"rendered":"https:\/\/easda.es\/?page_id=10247"},"modified":"2021-02-15T09:40:28","modified_gmt":"2021-02-15T08:40:28","slug":"el-plegado-como-herramienta-creativa","status":"publish","type":"page","link":"https:\/\/easda.es\/?page_id=10247","title":{"rendered":"El plegado como herramienta creativa"},"content":{"rendered":"\n<div class=\"wp-block-image\"><figure class=\"aligncenter size-full\"><img loading=\"lazy\" decoding=\"async\" width=\"1200\" height=\"600\" src=\"https:\/\/easda.es\/wp-content\/uploads\/2021\/02\/plegado-herramienta-creativa.jpg\" alt=\"\" class=\"wp-image-10373\" srcset=\"https:\/\/easda.es\/wp-content\/uploads\/2021\/02\/plegado-herramienta-creativa.jpg 1200w, https:\/\/easda.es\/wp-content\/uploads\/2021\/02\/plegado-herramienta-creativa-300x150.jpg 300w, https:\/\/easda.es\/wp-content\/uploads\/2021\/02\/plegado-herramienta-creativa-1024x512.jpg 1024w, https:\/\/easda.es\/wp-content\/uploads\/2021\/02\/plegado-herramienta-creativa-768x384.jpg 768w, https:\/\/easda.es\/wp-content\/uploads\/2021\/02\/plegado-herramienta-creativa-1100x550.jpg 1100w\" sizes=\"auto, (max-width: 1200px) 100vw, 1200px\" \/><\/figure><\/div>\n\n\n<p>[vc_row][vc_column][vc_empty_space]<div class=\"qodef-section-title-holder  qodef-st-standard qodef-st-title-left qodef-st-normal-space \" >\n\t<div class=\"qodef-st-inner\">\n\t\t\t\t\t<h2 class=\"qodef-st-title\" >\n\t\t\t\tEl plegado como herramienta creativa\t\t\t<\/h2>\n\t\t\t\t\t<\/div>\n<\/div>[vc_empty_space][vc_column_text]\u201cEl plegado como herramienta creativa\u201d es una asignatura pr\u00e1ctica, aplicable a cualquier especialidad, en la cual se explora de forma experimental el plegado y la geometr\u00eda que lo estructura. Este binomio, extra\u00eddo de las ra\u00edces del origami, se concreta desde su vertiente m\u00e1s abstracta, alej\u00e1ndose de la figuraci\u00f3n que caracteriza a este antiguo arte oriental y armando un<br \/>recurso muy eficaz para cualquier \u00e1mbito del dise\u00f1o.<\/p>\n<h5><strong>Contenidos<\/strong><\/h5>\n<p>0. NORMAS DE FUNCIONAMIENTO Y DIN\u00c1MICA DE LA ASIGNATURA.<\/p>\n<p>1. INTRODUCCI\u00d3N AL PLEGADO<br \/>&#8211; Or\u00edgenes: origami y kirigami.<br \/>&#8211; \u00bfQu\u00e9 es el plegado?<br \/>&#8211; Materiales y herramientas m\u00e1s adecuados para el plegado en papel.<br \/>&#8211; Aplicaciones en diferentes \u00e1reas del dise\u00f1o: moda, producto, interiorismo y dise\u00f1o gr\u00e1fico.<br \/>&#8211; La maqueta seg\u00fan la fase del proyecto aplicado al plegado.<\/p>\n<p>2. PLEGADO: ESTRUCTURA, FORMA Y VOLUMEN<br \/>&#8211; La geometr\u00eda: la armon\u00eda perfecta.<br \/>&#8211; La geometr\u00eda como estructura plegada.<br \/>&#8211; El pliegue como ritmo.<br \/>&#8211; Pliegues abiertos y cerrados.<br \/>&#8211; Itinerarios creativos para la consecuci\u00f3n formal y volum\u00e9trica.<\/p>\n<p>3. PLEGADOS B\u00c1SICOS<br \/>&#8211; Divisiones lineales y radiales.<br \/>&#8211; Plegados en acorde\u00f3n.<br \/>&#8211; Plisados.<br \/>&#8211; Plegados lineales no paralelos.<br \/>&#8211; Plegados curvos.<\/p>\n<p>4. PLEGADOS COMPLEJOS<br \/>&#8211; Plegados girados.<br \/>&#8211; Plegados en \u201cV\u201d.<br \/>&#8211; Trabajo con cuadr\u00edcula.<br \/>&#8211; Plegados sobre plegado.<br \/>&#8211; Aproximaci\u00f3n a las teselaciones.<\/p>\n<p>5. PLEGADO, MAQUETA Y PROYECTO<br \/>&#8211; Tratamientos experimentales sobre el plegado.<br \/>&#8211; Materiales y herramientas: maqueta y proyecto final.<br \/>&#8211; Materiales finales aplicados seg\u00fan \u00e1rea del dise\u00f1o.<br \/>&#8211; Tratamientos experimentales sobre el plegado<\/p>\n<h5><strong>Resultados de aprendizaje<\/strong><\/h5>\n<p>RA1. Establecer relaciones entre el plegado geom\u00e9trico y los \u00e1mbitos<br \/>de dise\u00f1o requerido, donde se combina escala y materiales en funci\u00f3n<br \/>de los resultados est\u00e9ticos, dimensionales, volum\u00e9tricos, m\u00f3viles y mat\u00e9ricos.<br \/>RA2. Conocer e interpretar correctamente la nomenclatura gr\u00e1fica de<br \/>los patrones de plegado para construir su correspondencia tridimensional y, adem\u00e1s, saber realizar el proceso inverso.<br \/>RA3. Diferenciar y practicar los itinerarios de creaci\u00f3n tridimensional<br \/>en general, y de la t\u00e9cnica del plegado en particular.<br \/>RA4. Aprender y materializar las t\u00e9cnicas de plegado tanto b\u00e1sicas<br \/>como complejas establecidas.<br \/>RA5. Desarrollar las habilidades anal\u00edticas sobre las propiedades<br \/>formales, f\u00edsicas, m\u00f3viles, volum\u00e9tricas y de consistencia seg\u00fan el tipo<br \/>de plegado desarrollado.<br \/>RA6. Elaborar de forma correcta y precisa plegados a trav\u00e9s de la<br \/>manipulaci\u00f3n adecuada de los materiales planteados seg\u00fan la fase de<br \/>desarrollo del proyecto.<br \/>RA7. Clasificar los plegados desde una jerarqu\u00eda volum\u00e9trica y<br \/>establecer aquellos m\u00e1s factibles para una intencionalidad concreta en<br \/>el desarrollo del dise\u00f1o.<br \/>RA8. Experimentar la geometr\u00eda volum\u00e9trica plegada como recurso<br \/>creativo factible y formalmente inequ\u00edvoco y eficaz.<br \/>RA9. Investigar las posibilidades creativas del plegado aprendido,<br \/>posibilitando la creaci\u00f3n de variantes propias.<br \/>RA10. Utilizar prototipos y maquetas como instrumento para generar<br \/>soluciones formales en la fase creativa del proceso proyectual y<br \/>construirlos como medio para comunicar los aspectos t\u00e9cnicos,<br \/>formales, espaciales, etc.<br \/>RA11. Desarrollar habilidades manuales y actitudinales que<br \/>requiere trabajar las t\u00e9cnicas de plegado como la concentraci\u00f3n y la<br \/>paciencia.<\/p>\n<h5><strong>Presenta la asignatura<\/strong><\/h5>\n<p>Eva Torralba[\/vc_column_text][vc_column_text]<\/p>\n<p>M\u00e1s informaci\u00f3n <a href=\"https:\/\/easda.es\/wp-content\/uploads\/2021\/02\/el-plegado-como-herramienta-creativa_enlaces.pdf\" target=\"_blank\" rel=\"noopener noreferrer\">El plegado como herramienta creativa<\/a>.[\/vc_column_text][\/vc_column][\/vc_row]<\/p>\n\n\n<p><\/p>\n","protected":false},"excerpt":{"rendered":"<p>[vc_row][vc_column][vc_empty_space][vc_empty_space][vc_column_text]\u201cEl plegado como herramienta creativa\u201d es una asignatura pr\u00e1ctica, aplicable a cualquier especialidad, en la cual se explora de forma experimental el plegado y la geometr\u00eda que lo estructura. Este binomio, extra\u00eddo de las ra\u00edces del origami, se concreta desde [&hellip;]<\/p>\n","protected":false},"author":6,"featured_media":0,"parent":0,"menu_order":0,"comment_status":"closed","ping_status":"closed","template":"","meta":{"footnotes":""},"class_list":["post-10247","page","type-page","status-publish","hentry"],"_links":{"self":[{"href":"https:\/\/easda.es\/index.php?rest_route=\/wp\/v2\/pages\/10247","targetHints":{"allow":["GET"]}}],"collection":[{"href":"https:\/\/easda.es\/index.php?rest_route=\/wp\/v2\/pages"}],"about":[{"href":"https:\/\/easda.es\/index.php?rest_route=\/wp\/v2\/types\/page"}],"author":[{"embeddable":true,"href":"https:\/\/easda.es\/index.php?rest_route=\/wp\/v2\/users\/6"}],"replies":[{"embeddable":true,"href":"https:\/\/easda.es\/index.php?rest_route=%2Fwp%2Fv2%2Fcomments&post=10247"}],"version-history":[{"count":9,"href":"https:\/\/easda.es\/index.php?rest_route=\/wp\/v2\/pages\/10247\/revisions"}],"predecessor-version":[{"id":10378,"href":"https:\/\/easda.es\/index.php?rest_route=\/wp\/v2\/pages\/10247\/revisions\/10378"}],"wp:attachment":[{"href":"https:\/\/easda.es\/index.php?rest_route=%2Fwp%2Fv2%2Fmedia&parent=10247"}],"curies":[{"name":"wp","href":"https:\/\/api.w.org\/{rel}","templated":true}]}}